CRAN Package Check Results for Package stcov

Last updated on 2025-10-26 01:50:02 CEST.

Flavor Version Tinstall Tcheck Ttotal Status Flags
r-devel-linux-x86_64-debian-clang 0.1.0 1.67 19.57 21.24 NOTE
r-devel-linux-x86_64-debian-gcc 0.1.0 1.40 16.57 17.97 NOTE
r-devel-linux-x86_64-fedora-clang 0.1.0 31.19 OK
r-devel-linux-x86_64-fedora-gcc 0.1.0 29.93 OK
r-devel-windows-x86_64 0.1.0 2.00 38.00 40.00 OK
r-patched-linux-x86_64 0.1.0 1.63 18.87 20.50 OK
r-release-linux-x86_64 0.1.0 1.43 18.73 20.16 OK
r-release-macos-arm64 0.1.0 1.00 15.00 16.00 OK
r-release-macos-x86_64 0.1.0 2.00 30.00 32.00 OK
r-release-windows-x86_64 0.1.0 2.00 40.00 42.00 OK
r-oldrel-macos-arm64 0.1.0 1.00 13.00 14.00 OK
r-oldrel-macos-x86_64 0.1.0 1.00 21.00 22.00 OK
r-oldrel-windows-x86_64 0.1.0 2.00 44.00 46.00 OK

Check Details

Version: 0.1.0
Check: CRAN incoming feasibility
Result: NOTE Maintainer: ‘Brett Naul <brettnaul@gmail.com>’ No Authors@R field in DESCRIPTION. Please add one, modifying Authors@R: person(given = "Brett", family = "Naul", role = c("aut", "cre"), email = "brettnaul@gmail.com") as necessary. Flavors: r-devel-linux-x86_64-debian-clang, r-devel-linux-x86_64-debian-gcc