Last updated on 2025-10-25 01:51:18 CEST.
| Flavor | Version | Tinstall | Tcheck | Ttotal | Status | Flags |
|---|---|---|---|---|---|---|
| r-devel-linux-x86_64-debian-clang | 0.1.1 | 234.67 | 81.18 | 315.85 | OK | |
| r-devel-linux-x86_64-debian-gcc | 0.1.1 | 157.10 | 67.99 | 225.09 | OK | |
| r-devel-linux-x86_64-fedora-clang | 0.1.1 | 293.00 | 231.28 | 524.28 | OK | |
| r-devel-linux-x86_64-fedora-gcc | 0.1.1 | 244.00 | 294.75 | 538.75 | OK | |
| r-devel-windows-x86_64 | 0.1.1 | 214.00 | 165.00 | 379.00 | OK | |
| r-patched-linux-x86_64 | 0.1.1 | 234.09 | 92.00 | 326.09 | OK | |
| r-release-linux-x86_64 | 0.1.1 | 236.80 | 93.01 | 329.81 | OK | |
| r-release-macos-arm64 | 0.1.1 | 91.00 | 41.00 | 132.00 | OK | |
| r-release-macos-x86_64 | 0.1.1 | 78.00 | 80.00 | 158.00 | OK | |
| r-release-windows-x86_64 | 0.1.1 | 216.00 | 168.00 | 384.00 | OK | |
| r-oldrel-macos-arm64 | 0.1.1 | 72.00 | 42.00 | 114.00 | NOTE | |
| r-oldrel-macos-x86_64 | 0.1.1 | 140.00 | 124.00 | 264.00 | NOTE | |
| r-oldrel-windows-x86_64 | 0.1.1 | 214.00 | 201.00 | 415.00 | OK |
Version: 0.1.1
Check: installed package size
Result: NOTE
installed size is 34.5Mb
sub-directories of 1Mb or more:
libs 33.5Mb
Flavors: r-oldrel-macos-arm64, r-oldrel-macos-x86_64