Last updated on 2025-11-15 03:50:31 CET.
| Flavor | Version | Tinstall | Tcheck | Ttotal | Status | Flags |
|---|---|---|---|---|---|---|
| r-devel-linux-x86_64-debian-clang | 1.4 | 7.26 | 70.06 | 77.32 | NOTE | |
| r-devel-linux-x86_64-debian-gcc | 1.4 | 5.11 | 49.07 | 54.18 | NOTE | |
| r-devel-linux-x86_64-fedora-clang | 1.4 | 14.00 | 105.51 | 119.51 | OK | |
| r-devel-linux-x86_64-fedora-gcc | 1.4 | 16.00 | 97.52 | 113.52 | OK | |
| r-devel-windows-x86_64 | 1.4 | 13.00 | 87.00 | 100.00 | OK | |
| r-patched-linux-x86_64 | 1.4 | 7.10 | 67.00 | 74.10 | OK | |
| r-release-linux-x86_64 | 1.4 | 6.80 | 66.93 | 73.73 | OK | |
| r-release-macos-arm64 | 1.4 | 5.00 | 34.00 | 39.00 | OK | |
| r-release-macos-x86_64 | 1.4 | 8.00 | 61.00 | 69.00 | OK | |
| r-release-windows-x86_64 | 1.4 | 9.00 | 81.00 | 90.00 | OK | |
| r-oldrel-macos-arm64 | 1.4 | 4.00 | 32.00 | 36.00 | OK | |
| r-oldrel-macos-x86_64 | 1.4 | 8.00 | 47.00 | 55.00 | OK | |
| r-oldrel-windows-x86_64 | 1.4 | 11.00 | 103.00 | 114.00 | OK |
Version: 1.4
Check: CRAN incoming feasibility
Result: NOTE
Maintainer: ‘Nele Schuwirth <nele.schuwirth@eawag.ch>’
No Authors@R field in DESCRIPTION.
Please add one, modifying
Authors@R: c(person(given = "Nele",
family = "Schuwirth",
role = c("aut", "cre"),
email = "nele.schuwirth@eawag.ch"),
person(given = "Peter",
family = "Reichert",
role = "aut"),
person(given = "Mikolaj",
family = "Rybinski",
role = "aut"))
as necessary.
Flavors: r-devel-linux-x86_64-debian-clang, r-devel-linux-x86_64-debian-gcc