Last updated on 2024-08-16 01:48:31 CEST.
Flavor | Version | Tinstall | Tcheck | Ttotal | Status | Flags |
---|---|---|---|---|---|---|
r-devel-linux-x86_64-debian-clang | 1.0.1 | 17.49 | 108.38 | 125.87 | OK | |
r-devel-linux-x86_64-debian-gcc | 1.0.1 | 11.41 | 79.56 | 90.97 | OK | |
r-devel-linux-x86_64-fedora-clang | 1.0.1 | 212.78 | NOTE | |||
r-devel-linux-x86_64-fedora-gcc | 1.0.1 | 217.27 | NOTE | |||
r-devel-windows-x86_64 | 1.0.1 | 17.00 | 110.00 | 127.00 | OK | |
r-patched-linux-x86_64 | 1.0.1 | 18.03 | 100.68 | 118.71 | OK | |
r-release-linux-x86_64 | 1.0.1 | 15.50 | 102.54 | 118.04 | OK | |
r-release-macos-arm64 | 1.0.1 | 79.00 | OK | |||
r-release-macos-x86_64 | 1.0.1 | 116.00 | OK | |||
r-release-windows-x86_64 | 1.0.1 | 17.00 | 112.00 | 129.00 | OK | |
r-oldrel-macos-arm64 | 1.0.1 | 57.00 | OK | |||
r-oldrel-macos-x86_64 | 1.0.1 | 107.00 | OK | |||
r-oldrel-windows-x86_64 | 1.0.1 | 20.00 | 129.00 | 149.00 | OK |
Version: 1.0.1
Check: data for non-ASCII characters
Result: NOTE
Note: found 78 marked UTF-8 strings
Flavors: r-devel-linux-x86_64-fedora-clang, r-devel-linux-x86_64-fedora-gcc