Last updated on 2024-08-16 01:48:31 CEST.
Flavor | Version | Tinstall | Tcheck | Ttotal | Status | Flags |
---|---|---|---|---|---|---|
r-devel-linux-x86_64-debian-clang | 1.0.0 | 60.15 | 68.59 | 128.74 | OK | |
r-devel-linux-x86_64-debian-gcc | 1.0.0 | 43.03 | 48.79 | 91.82 | OK | |
r-devel-linux-x86_64-fedora-clang | 1.0.0 | 218.59 | OK | |||
r-devel-linux-x86_64-fedora-gcc | 1.0.0 | 244.88 | OK | |||
r-devel-windows-x86_64 | 1.0.0 | 56.00 | 116.00 | 172.00 | OK | |
r-patched-linux-x86_64 | 1.0.0 | 56.51 | 65.91 | 122.42 | OK | |
r-release-linux-x86_64 | 1.0.0 | 57.42 | 66.74 | 124.16 | OK | |
r-release-macos-arm64 | 1.0.0 | 63.00 | NOTE | |||
r-release-macos-x86_64 | 1.0.0 | 83.00 | NOTE | |||
r-release-windows-x86_64 | 1.0.0 | 58.00 | 117.00 | 175.00 | OK | |
r-oldrel-macos-arm64 | 1.0.0 | 49.00 | NOTE | |||
r-oldrel-macos-x86_64 | 1.0.0 | 75.00 | NOTE | |||
r-oldrel-windows-x86_64 | 1.0.0 | 73.00 | 144.00 | 217.00 | OK |
Version: 1.0.0
Check: installed package size
Result: NOTE
installed size is 8.0Mb
sub-directories of 1Mb or more:
libs 7.4Mb
Flavors: r-release-macos-arm64, r-release-macos-x86_64, r-oldrel-macos-arm64, r-oldrel-macos-x86_64