CRAN Package Check Results for Package symDMatrix

Last updated on 2025-11-12 02:53:14 CET.

Flavor Version Tinstall Tcheck Ttotal Status Flags
r-devel-linux-x86_64-debian-clang 2.1.1 2.60 29.71 32.31 NOTE
r-devel-linux-x86_64-debian-gcc 2.1.1 2.02 23.67 25.69 NOTE
r-devel-linux-x86_64-fedora-clang 2.1.1 46.17 OK
r-devel-linux-x86_64-fedora-gcc 2.1.1 44.94 OK
r-devel-windows-x86_64 2.1.1 5.00 45.00 50.00 OK
r-patched-linux-x86_64 2.1.1 2.11 27.80 29.91 OK
r-release-linux-x86_64 2.1.1 2.45 27.44 29.89 OK
r-release-macos-arm64 2.1.1 2.00 19.00 21.00 OK
r-release-macos-x86_64 2.1.1 4.00 46.00 50.00 OK
r-release-windows-x86_64 2.1.1 3.00 46.00 49.00 OK
r-oldrel-macos-arm64 2.1.1 1.00 19.00 20.00 OK
r-oldrel-macos-x86_64 2.1.1 2.00 32.00 34.00 OK
r-oldrel-windows-x86_64 2.1.1 4.00 58.00 62.00 OK

Check Details

Version: 2.1.1
Check: CRAN incoming feasibility
Result: NOTE Maintainer: ‘Alexander Grueneberg <cran@agrueneberg.info>’ Package CITATION file contains call(s) to old-style citEntry(). Please use bibentry() instead. Flavors: r-devel-linux-x86_64-debian-clang, r-devel-linux-x86_64-debian-gcc