Last updated on 2025-10-21 01:48:48 CEST.
Flavor | Version | Tinstall | Tcheck | Ttotal | Status | Flags |
---|---|---|---|---|---|---|
r-devel-linux-x86_64-debian-clang | 1.1.3 | 4.76 | 77.16 | 81.92 | OK | |
r-devel-linux-x86_64-debian-gcc | 1.1.3 | 3.16 | 53.26 | 56.42 | NOTE | |
r-devel-linux-x86_64-fedora-clang | 1.1.3 | 127.85 | OK | |||
r-devel-linux-x86_64-fedora-gcc | 1.1.3 | 128.02 | OK | |||
r-devel-windows-x86_64 | 1.1.3 | 6.00 | 95.00 | 101.00 | OK | |
r-patched-linux-x86_64 | 1.1.3 | 5.47 | 71.17 | 76.64 | OK | |
r-release-linux-x86_64 | 1.1.3 | 4.00 | 70.06 | 74.06 | OK | |
r-release-macos-arm64 | 1.1.3 | 44.00 | OK | |||
r-release-macos-x86_64 | 1.1.3 | 127.00 | OK | |||
r-release-windows-x86_64 | 1.1.3 | 6.00 | 97.00 | 103.00 | OK | |
r-oldrel-macos-arm64 | 1.1.3 | 44.00 | OK | |||
r-oldrel-macos-x86_64 | 1.1.3 | 120.00 | OK | |||
r-oldrel-windows-x86_64 | 1.1.3 | 8.00 | 117.00 | 125.00 | OK |
Version: 1.1.3
Check: HTML version of manual
Result: NOTE
Found the following HTML validation problems:
assign_tt_meta.html:51:1 (assign_tt_meta.Rd:13): Warning: missing </ul> before </div>
is_Tagged_table.html:46:1 (is_Tagged_table.Rd:10): Warning: missing </ul> before </div>
is_col_classes.html:57:1 (is_col_classes.Rd:17): Warning: missing </ul> before </div>
Flavor: r-devel-linux-x86_64-debian-gcc