Last updated on 2025-10-26 01:50:03 CEST.
| Flavor | Version | Tinstall | Tcheck | Ttotal | Status | Flags |
|---|---|---|---|---|---|---|
| r-devel-linux-x86_64-debian-clang | 0.1.1 | 1.63 | 21.14 | 22.77 | OK | |
| r-devel-linux-x86_64-debian-gcc | 0.1.1 | 1.49 | 17.39 | 18.88 | OK | |
| r-devel-linux-x86_64-fedora-clang | 0.1.1 | 34.03 | OK | |||
| r-devel-linux-x86_64-fedora-gcc | 0.1.1 | 30.44 | OK | |||
| r-devel-windows-x86_64 | 0.1.1 | 3.00 | 40.00 | 43.00 | OK | |
| r-patched-linux-x86_64 | 0.1.1 | 1.89 | 19.78 | 21.67 | OK | |
| r-release-linux-x86_64 | 0.1.1 | 1.69 | 19.76 | 21.45 | OK | |
| r-release-macos-arm64 | 0.1.1 | 1.00 | 14.00 | 15.00 | OK | |
| r-release-macos-x86_64 | 0.1.1 | 2.00 | 21.00 | 23.00 | OK | |
| r-release-windows-x86_64 | 0.1.1 | 3.00 | 43.00 | 46.00 | OK | |
| r-oldrel-macos-arm64 | 0.1.1 | 1.00 | 14.00 | 15.00 | NOTE | |
| r-oldrel-macos-x86_64 | 0.1.1 | 1.00 | 20.00 | 21.00 | NOTE | |
| r-oldrel-windows-x86_64 | 0.1.1 | 3.00 | 46.00 | 49.00 | NOTE |
Version: 0.1.1
Check: LazyData
Result: NOTE
'LazyData' is specified without a 'data' directory
Flavors: r-oldrel-macos-arm64, r-oldrel-macos-x86_64, r-oldrel-windows-x86_64