Last updated on 2024-07-27 01:53:25 CEST.
Flavor | Version | Tinstall | Tcheck | Ttotal | Status | Flags |
---|---|---|---|---|---|---|
r-devel-linux-x86_64-debian-clang | 0.6.0 | 3.99 | 26.80 | 30.79 | NOTE | |
r-devel-linux-x86_64-debian-gcc | 0.6.0 | 2.83 | 20.56 | 23.39 | NOTE | |
r-devel-linux-x86_64-fedora-clang | 0.6.0 | 38.89 | NOTE | |||
r-devel-linux-x86_64-fedora-gcc | 0.6.0 | 35.56 | NOTE | |||
r-devel-windows-x86_64 | 0.6.0 | 5.00 | 44.00 | 49.00 | NOTE | |
r-patched-linux-x86_64 | 0.6.0 | NOTE | ||||
r-release-linux-x86_64 | 0.6.0 | 3.61 | 25.26 | 28.87 | NOTE | |
r-release-macos-arm64 | 0.6.0 | 16.00 | NOTE | |||
r-release-macos-x86_64 | 0.6.0 | 23.00 | NOTE | |||
r-release-windows-x86_64 | 0.6.0 | 4.00 | 43.00 | 47.00 | NOTE | |
r-oldrel-macos-arm64 | 0.6.0 | 16.00 | NOTE | |||
r-oldrel-macos-x86_64 | 0.6.0 | 20.00 | NOTE | |||
r-oldrel-windows-x86_64 | 0.6.0 | 5.00 | 47.00 | 52.00 | NOTE |
Version: 0.6.0
Check: LazyData
Result: NOTE
'LazyData' is specified without a 'data' directory
Flavors: r-devel-linux-x86_64-debian-clang, r-devel-linux-x86_64-debian-gcc, r-devel-linux-x86_64-fedora-clang, r-devel-linux-x86_64-fedora-gcc, r-devel-windows-x86_64, r-patched-linux-x86_64, r-release-linux-x86_64, r-release-macos-arm64, r-release-macos-x86_64, r-release-windows-x86_64, r-oldrel-macos-arm64, r-oldrel-macos-x86_64, r-oldrel-windows-x86_64
Version: 0.6.0
Check: Rd cross-references
Result: NOTE
Found the following Rd file(s) with Rd \link{} targets missing package
anchors:
TGBot.Rd: R6Class
Please provide package anchors for all Rd \link{} targets not in the
package itself and the base packages.
Flavors: r-devel-linux-x86_64-debian-gcc, r-devel-windows-x86_64