Last updated on 2024-08-16 01:48:32 CEST.
Flavor | Version | Tinstall | Tcheck | Ttotal | Status | Flags |
---|---|---|---|---|---|---|
r-devel-linux-x86_64-debian-clang | 2.16.0 | 9.69 | 71.64 | 81.33 | NOTE | |
r-devel-linux-x86_64-debian-gcc | 2.16.0 | 6.03 | 51.50 | 57.53 | NOTE | |
r-devel-linux-x86_64-fedora-clang | 2.16.0 | 123.50 | OK | |||
r-devel-linux-x86_64-fedora-gcc | 2.16.0 | 126.16 | OK | |||
r-devel-windows-x86_64 | 2.16.0 | 10.00 | 91.00 | 101.00 | NOTE | |
r-patched-linux-x86_64 | 2.16.0 | 12.42 | 66.61 | 79.03 | OK | |
r-release-linux-x86_64 | 2.16.0 | 8.38 | 66.49 | 74.87 | OK | |
r-release-macos-arm64 | 2.16.0 | 40.00 | OK | |||
r-release-macos-x86_64 | 2.16.0 | 55.00 | OK | |||
r-release-windows-x86_64 | 2.16.0 | 10.00 | 83.00 | 93.00 | OK | |
r-oldrel-macos-arm64 | 2.16.0 | 42.00 | OK | |||
r-oldrel-macos-x86_64 | 2.16.0 | 87.00 | OK | |||
r-oldrel-windows-x86_64 | 2.16.0 | 12.00 | 100.00 | 112.00 | OK |
Version: 2.16.0
Check: Rd cross-references
Result: NOTE
Found the following Rd file(s) with Rd \link{} targets missing package
anchors:
parse_arguments.Rd: yaml.load
Please provide package anchors for all Rd \link{} targets not in the
package itself and the base packages.
Flavors: r-devel-linux-x86_64-debian-clang, r-devel-linux-x86_64-debian-gcc, r-devel-windows-x86_64