Last updated on 2024-08-16 01:48:32 CEST.
Flavor | Version | Tinstall | Tcheck | Ttotal | Status | Flags |
---|---|---|---|---|---|---|
r-devel-linux-x86_64-debian-clang | 0.1.21 | 5.96 | 81.00 | 86.96 | NOTE | |
r-devel-linux-x86_64-debian-gcc | 0.1.21 | 4.25 | 59.72 | 63.97 | NOTE | |
r-devel-linux-x86_64-fedora-clang | 0.1.21 | 145.71 | NOTE | |||
r-devel-linux-x86_64-fedora-gcc | 0.1.21 | 137.67 | NOTE | |||
r-devel-windows-x86_64 | 0.1.21 | 11.00 | 93.00 | 104.00 | NOTE | |
r-patched-linux-x86_64 | 0.1.21 | 4.57 | 75.94 | 80.51 | NOTE | |
r-release-linux-x86_64 | 0.1.21 | 5.39 | 75.69 | 81.08 | NOTE | |
r-release-macos-arm64 | 0.1.21 | 39.00 | NOTE | |||
r-release-macos-x86_64 | 0.1.21 | 62.00 | NOTE | |||
r-release-windows-x86_64 | 0.1.21 | 10.00 | 94.00 | 104.00 | NOTE | |
r-oldrel-macos-arm64 | 0.1.21 | 49.00 | NOTE | |||
r-oldrel-macos-x86_64 | 0.1.21 | 76.00 | NOTE | |||
r-oldrel-windows-x86_64 | 0.1.21 | 13.00 | 114.00 | 127.00 | NOTE |
Version: 0.1.21
Check: LazyData
Result: NOTE
'LazyData' is specified without a 'data' directory
Flavors: r-devel-linux-x86_64-debian-clang, r-devel-linux-x86_64-debian-gcc, r-devel-linux-x86_64-fedora-clang, r-devel-linux-x86_64-fedora-gcc, r-devel-windows-x86_64, r-patched-linux-x86_64, r-release-linux-x86_64, r-release-macos-arm64, r-release-macos-x86_64, r-release-windows-x86_64, r-oldrel-macos-arm64, r-oldrel-macos-x86_64, r-oldrel-windows-x86_64