Last updated on 2024-08-16 01:48:32 CEST.
Flavor | Version | Tinstall | Tcheck | Ttotal | Status | Flags |
---|---|---|---|---|---|---|
r-devel-linux-x86_64-debian-clang | 2.3.27 | 27.93 | 21.44 | 49.37 | NOTE | |
r-devel-linux-x86_64-debian-gcc | 2.3.27 | 20.24 | 17.02 | 37.26 | NOTE | |
r-devel-linux-x86_64-fedora-clang | 2.3.27 | 97.50 | NOTE | |||
r-devel-linux-x86_64-fedora-gcc | 2.3.27 | 111.57 | NOTE | |||
r-patched-linux-x86_64 | 2.3.27 | 27.97 | 20.57 | 48.54 | OK | |
r-release-linux-x86_64 | 2.3.27 | 27.28 | 20.65 | 47.93 | OK | |
r-release-macos-arm64 | 2.3.27 | 30.00 | OK | |||
r-release-macos-x86_64 | 2.3.27 | 48.00 | OK | |||
r-oldrel-macos-arm64 | 2.3.27 | 48.00 | OK | |||
r-oldrel-macos-x86_64 | 2.3.27 | 55.00 | OK |
Version: 2.3.27
Check: compiled code
Result: NOTE
File ‘tgstat/libs/tgstat.so’:
Found non-API calls to R: ‘R_curErrorBuf’, ‘SET_TYPEOF’
Compiled code should not call non-API entry points in R.
See ‘Writing portable packages’ in the ‘Writing R Extensions’ manual,
and section ‘Moving into C API compliance’ for issues with the use of
non-API entry points.
Flavors: r-devel-linux-x86_64-debian-clang, r-devel-linux-x86_64-debian-gcc, r-devel-linux-x86_64-fedora-clang, r-devel-linux-x86_64-fedora-gcc