Last updated on 2024-08-16 01:48:32 CEST.
Flavor | Version | Tinstall | Tcheck | Ttotal | Status | Flags |
---|---|---|---|---|---|---|
r-devel-linux-x86_64-debian-clang | 1.0.10 | 97.28 | 51.87 | 149.15 | OK | |
r-devel-linux-x86_64-debian-gcc | 1.0.10 | 74.84 | 37.96 | 112.80 | OK | |
r-devel-linux-x86_64-fedora-clang | 1.0.10 | 295.03 | OK | |||
r-devel-linux-x86_64-fedora-gcc | 1.0.10 | 346.91 | OK | |||
r-devel-windows-x86_64 | 1.0.10 | 124.00 | 99.00 | 223.00 | OK | |
r-patched-linux-x86_64 | 1.0.10 | 109.64 | 48.46 | 158.10 | OK | |
r-release-linux-x86_64 | 1.0.10 | 106.85 | 48.50 | 155.35 | OK | |
r-release-macos-arm64 | 1.0.10 | 80.00 | NOTE | |||
r-release-macos-x86_64 | 1.0.10 | 84.00 | NOTE | |||
r-release-windows-x86_64 | 1.0.10 | 122.00 | 100.00 | 222.00 | OK | |
r-oldrel-macos-arm64 | 1.0.10 | 114.00 | NOTE | |||
r-oldrel-macos-x86_64 | 1.0.10 | 160.00 | NOTE | |||
r-oldrel-windows-x86_64 | 1.0.10 | 143.00 | 107.00 | 250.00 | OK |
Version: 1.0.10
Check: installed package size
Result: NOTE
installed size is 9.6Mb
sub-directories of 1Mb or more:
libs 8.6Mb
Flavors: r-release-macos-arm64, r-release-macos-x86_64, r-oldrel-macos-arm64, r-oldrel-macos-x86_64