Last updated on 2024-08-16 01:48:32 CEST.
Flavor | Version | Tinstall | Tcheck | Ttotal | Status | Flags |
---|---|---|---|---|---|---|
r-devel-linux-x86_64-debian-clang | 1.0.1 | 34.38 | 91.96 | 126.34 | OK | |
r-devel-linux-x86_64-debian-gcc | 1.0.1 | 29.01 | 67.18 | 96.19 | OK | |
r-devel-linux-x86_64-fedora-clang | 1.0.1 | 221.97 | OK | |||
r-devel-linux-x86_64-fedora-gcc | 1.0.1 | 258.00 | OK | |||
r-devel-windows-x86_64 | 1.0.1 | 40.00 | 127.00 | 167.00 | OK | |
r-patched-linux-x86_64 | 1.0.1 | 41.36 | 92.13 | 133.49 | OK | |
r-release-linux-x86_64 | 1.0.1 | 39.42 | 92.40 | 131.82 | OK | |
r-release-macos-arm64 | 1.0.1 | 65.00 | NOTE | |||
r-release-macos-x86_64 | 1.0.1 | 99.00 | NOTE | |||
r-release-windows-x86_64 | 1.0.1 | 41.00 | 129.00 | 170.00 | OK | |
r-oldrel-macos-arm64 | 1.0.1 | 84.00 | NOTE | |||
r-oldrel-macos-x86_64 | 1.0.1 | 179.00 | NOTE | |||
r-oldrel-windows-x86_64 | 1.0.1 | 49.00 | 150.00 | 199.00 | OK |
Version: 1.0.1
Check: installed package size
Result: NOTE
installed size is 7.3Mb
sub-directories of 1Mb or more:
doc 2.2Mb
libs 4.7Mb
Flavors: r-release-macos-arm64, r-release-macos-x86_64, r-oldrel-macos-arm64, r-oldrel-macos-x86_64