Last updated on 2024-08-16 01:48:32 CEST.
Flavor | Version | Tinstall | Tcheck | Ttotal | Status | Flags |
---|---|---|---|---|---|---|
r-devel-linux-x86_64-debian-clang | 0.6.6 | 16.39 | 54.48 | 70.87 | OK | |
r-devel-linux-x86_64-debian-gcc | 0.6.6 | 9.74 | 37.97 | 47.71 | OK | |
r-devel-linux-x86_64-fedora-clang | 0.6.6 | 112.35 | NOTE | |||
r-devel-linux-x86_64-fedora-gcc | 0.6.6 | 113.27 | NOTE | |||
r-devel-windows-x86_64 | 0.6.6 | 17.00 | 78.00 | 95.00 | OK | |
r-patched-linux-x86_64 | 0.6.6 | 16.40 | 52.10 | 68.50 | OK | |
r-release-linux-x86_64 | 0.6.6 | 15.69 | 52.08 | 67.77 | OK | |
r-release-macos-arm64 | 0.6.6 | 33.00 | NOTE | |||
r-release-macos-x86_64 | 0.6.6 | 50.00 | NOTE | |||
r-release-windows-x86_64 | 0.6.6 | 17.00 | 77.00 | 94.00 | OK | |
r-oldrel-macos-arm64 | 0.6.6 | 35.00 | OK | |||
r-oldrel-macos-x86_64 | 0.6.6 | 53.00 | NOTE | |||
r-oldrel-windows-x86_64 | 0.6.6 | 21.00 | 86.00 | 107.00 | OK |
Version: 0.6.6
Check: data for non-ASCII characters
Result: NOTE
Note: found 100 marked Latin-1 strings
Note: found 548 marked UTF-8 strings
Flavors: r-devel-linux-x86_64-fedora-clang, r-devel-linux-x86_64-fedora-gcc
Version: 0.6.6
Check: installed package size
Result: NOTE
installed size is 5.6Mb
sub-directories of 1Mb or more:
data 5.2Mb
Flavors: r-release-macos-arm64, r-release-macos-x86_64, r-oldrel-macos-x86_64