Last updated on 2025-05-17 01:51:22 CEST.
Flavor | Version | Tinstall | Tcheck | Ttotal | Status | Flags |
---|---|---|---|---|---|---|
r-devel-linux-x86_64-debian-clang | 0.1.2 | 3.42 | 19.99 | 23.41 | NOTE | |
r-devel-linux-x86_64-debian-gcc | 0.1.2 | 2.08 | 16.56 | 18.64 | NOTE | |
r-devel-linux-x86_64-fedora-clang | 0.1.2 | 39.10 | NOTE | |||
r-devel-linux-x86_64-fedora-gcc | 0.1.2 | 37.71 | NOTE | |||
r-devel-windows-x86_64 | 0.1.2 | 8.00 | 45.00 | 53.00 | NOTE | |
r-patched-linux-x86_64 | 0.1.2 | 3.56 | 19.77 | 23.33 | NOTE | |
r-release-linux-x86_64 | 0.1.2 | 2.90 | 19.69 | 22.59 | NOTE | |
r-release-macos-arm64 | 0.1.2 | 19.00 | NOTE | |||
r-release-macos-x86_64 | 0.1.2 | 32.00 | NOTE | |||
r-release-windows-x86_64 | 0.1.2 | 7.00 | 46.00 | 53.00 | NOTE | |
r-oldrel-macos-arm64 | 0.1.2 | 19.00 | OK | |||
r-oldrel-macos-x86_64 | 0.1.2 | 23.00 | OK | |||
r-oldrel-windows-x86_64 | 0.1.2 | 7.00 | 50.00 | 57.00 | OK |
Version: 0.1.2
Check: DESCRIPTION meta-information
Result: NOTE
Missing dependency on R >= 4.1.0 because package code uses the pipe
|> or function shorthand \(...) syntax added in R 4.1.0.
File(s) using such syntax:
‘tree_mesh.R’ ‘tree_mesh.Rd’ ‘zzz.R’
Flavors: r-devel-linux-x86_64-debian-clang, r-devel-linux-x86_64-debian-gcc, r-devel-linux-x86_64-fedora-clang, r-devel-linux-x86_64-fedora-gcc, r-devel-windows-x86_64, r-patched-linux-x86_64, r-release-linux-x86_64, r-release-macos-arm64, r-release-macos-x86_64, r-release-windows-x86_64