Last updated on 2025-10-01 02:54:34 CEST.
Flavor | Version | Tinstall | Tcheck | Ttotal | Status | Flags |
---|---|---|---|---|---|---|
r-devel-linux-x86_64-debian-clang | 1.2 | 8.84 | 123.76 | 132.60 | NOTE | |
r-devel-linux-x86_64-debian-gcc | 1.2 | 6.43 | 100.27 | 106.70 | NOTE | |
r-devel-linux-x86_64-fedora-clang | 1.2 | 210.17 | OK | |||
r-devel-linux-x86_64-fedora-gcc | 1.2 | 215.15 | OK | |||
r-devel-windows-x86_64 | 1.2 | 11.00 | 148.00 | 159.00 | NOTE | |
r-patched-linux-x86_64 | 1.2 | 8.11 | 119.45 | 127.56 | NOTE | |
r-release-linux-x86_64 | 1.2 | 8.60 | 120.75 | 129.35 | NOTE | |
r-release-macos-arm64 | 1.2 | 66.00 | OK | |||
r-release-macos-x86_64 | 1.2 | 123.00 | OK | |||
r-release-windows-x86_64 | 1.2 | 12.00 | 146.00 | 158.00 | NOTE | |
r-oldrel-macos-arm64 | 1.2 | 61.00 | OK | |||
r-oldrel-macos-x86_64 | 1.2 | 97.00 | OK | |||
r-oldrel-windows-x86_64 | 1.2 | 16.00 | 178.00 | 194.00 | OK |
Version: 1.2
Check: Rd cross-references
Result: NOTE
Found the following Rd file(s) with Rd \link{} targets missing package
anchors:
dx.wts.mediation.Rd: ps
wgtmed.Rd: gbm, ps, twang
Please provide package anchors for all Rd \link{} targets not in the
package itself and the base packages.
Flavors: r-devel-linux-x86_64-debian-clang, r-devel-linux-x86_64-debian-gcc, r-devel-windows-x86_64, r-patched-linux-x86_64, r-release-linux-x86_64, r-release-windows-x86_64