Last updated on 2025-05-13 02:51:09 CEST.
Flavor | Version | Tinstall | Tcheck | Ttotal | Status | Flags |
---|---|---|---|---|---|---|
r-devel-linux-x86_64-debian-clang | 1.0 | 12.39 | 23.82 | 36.21 | NOTE | |
r-devel-linux-x86_64-debian-gcc | 1.0 | 8.61 | 19.94 | 28.55 | NOTE | |
r-devel-linux-x86_64-fedora-clang | 1.0 | 59.23 | NOTE | |||
r-devel-linux-x86_64-fedora-gcc | 1.0 | 60.07 | NOTE | |||
r-devel-windows-x86_64 | 1.0 | 14.00 | 66.00 | 80.00 | NOTE | |
r-patched-linux-x86_64 | 1.0 | 11.44 | 22.69 | 34.13 | NOTE | |
r-release-linux-x86_64 | 1.0 | 11.92 | 22.89 | 34.81 | NOTE | |
r-release-macos-arm64 | 1.0 | 20.00 | NOTE | |||
r-release-macos-x86_64 | 1.0 | 39.00 | NOTE | |||
r-release-windows-x86_64 | 1.0 | 16.00 | 72.00 | 88.00 | NOTE | |
r-oldrel-macos-arm64 | 1.0 | 23.00 | NOTE | |||
r-oldrel-macos-x86_64 | 1.0 | 33.00 | NOTE | |||
r-oldrel-windows-x86_64 | 1.0 | 17.00 | 77.00 | 94.00 | NOTE |
Version: 1.0
Check: C++ specification
Result: NOTE
Specified C++11: please drop specification unless essential
Flavors: r-devel-linux-x86_64-debian-clang, r-devel-linux-x86_64-debian-gcc, r-devel-linux-x86_64-fedora-clang, r-devel-linux-x86_64-fedora-gcc, r-devel-windows-x86_64, r-patched-linux-x86_64, r-release-linux-x86_64, r-release-macos-arm64, r-release-macos-x86_64, r-release-windows-x86_64, r-oldrel-macos-arm64, r-oldrel-macos-x86_64, r-oldrel-windows-x86_64