Last updated on 2025-11-15 03:50:33 CET.
| Flavor | Version | Tinstall | Tcheck | Ttotal | Status | Flags |
|---|---|---|---|---|---|---|
| r-devel-linux-x86_64-debian-clang | 1.0.0 | 7.65 | 86.16 | 93.81 | NOTE | |
| r-devel-linux-x86_64-debian-gcc | 1.0.0 | 6.20 | 58.75 | 64.95 | NOTE | |
| r-devel-linux-x86_64-fedora-clang | 1.0.0 | 17.00 | 132.03 | 149.03 | OK | |
| r-devel-linux-x86_64-fedora-gcc | 1.0.0 | 17.00 | 125.69 | 142.69 | OK | |
| r-devel-windows-x86_64 | 1.0.0 | 12.00 | 92.00 | 104.00 | OK | |
| r-patched-linux-x86_64 | 1.0.0 | 7.88 | 81.94 | 89.82 | OK | |
| r-release-linux-x86_64 | 1.0.0 | 7.73 | 81.16 | 88.89 | OK | |
| r-release-macos-arm64 | 1.0.0 | 3.00 | 31.00 | 34.00 | OK | |
| r-release-macos-x86_64 | 1.0.0 | 7.00 | 65.00 | 72.00 | OK | |
| r-release-windows-x86_64 | 1.0.0 | 10.00 | 92.00 | 102.00 | OK | |
| r-oldrel-macos-arm64 | 1.0.0 | 3.00 | 30.00 | 33.00 | OK | |
| r-oldrel-macos-x86_64 | 1.0.0 | 5.00 | 56.00 | 61.00 | OK | |
| r-oldrel-windows-x86_64 | 1.0.0 | 14.00 | 115.00 | 129.00 | OK |
Version: 1.0.0
Check: CRAN incoming feasibility
Result: NOTE
Maintainer: ‘Gabriela Cybis <gcybis@gmail.com>’
The Description field contains
Valk and Gabriela B. Cybis (2021) <arXiv:2106.09115>.
Please refer to arXiv e-prints via their arXiv DOI <doi:10.48550/arXiv.YYMM.NNNNN>.
Flavors: r-devel-linux-x86_64-debian-clang, r-devel-linux-x86_64-debian-gcc