Last updated on 2025-02-05 02:49:04 CET.
Flavor | Version | Tinstall | Tcheck | Ttotal | Status | Flags |
---|---|---|---|---|---|---|
r-devel-linux-x86_64-debian-clang | 0.21 | 1.70 | 20.29 | 21.99 | OK | |
r-devel-linux-x86_64-debian-gcc | 0.21 | 1.38 | 16.55 | 17.93 | OK | |
r-devel-linux-x86_64-fedora-clang | 0.21 | 37.25 | OK | |||
r-devel-linux-x86_64-fedora-gcc | 0.21 | 48.33 | OK | |||
r-devel-windows-x86_64 | 0.21 | 3.00 | 45.00 | 48.00 | OK | |
r-patched-linux-x86_64 | 0.21 | 1.41 | 19.54 | 20.95 | NOTE | |
r-release-linux-x86_64 | 0.21 | 1.68 | 19.72 | 21.40 | NOTE | |
r-release-macos-arm64 | 0.21 | 21.00 | NOTE | |||
r-release-macos-x86_64 | 0.21 | 32.00 | NOTE | |||
r-release-windows-x86_64 | 0.21 | 3.00 | 42.00 | 45.00 | NOTE | |
r-oldrel-macos-arm64 | 0.21 | 23.00 | NOTE | |||
r-oldrel-macos-x86_64 | 0.21 | 39.00 | NOTE | |||
r-oldrel-windows-x86_64 | 0.21 | 5.00 | 44.00 | 49.00 | NOTE |
Version: 0.21
Check: LazyData
Result: NOTE
'LazyData' is specified without a 'data' directory
Flavors: r-patched-linux-x86_64, r-release-linux-x86_64, r-release-macos-arm64, r-release-macos-x86_64, r-release-windows-x86_64, r-oldrel-macos-arm64, r-oldrel-macos-x86_64, r-oldrel-windows-x86_64