Last updated on 2025-02-10 01:48:36 CET.
Flavor | Version | Tinstall | Tcheck | Ttotal | Status | Flags |
---|---|---|---|---|---|---|
r-devel-linux-x86_64-debian-clang | 1.1.1 | 28.82 | 89.73 | 118.55 | NOTE | |
r-devel-linux-x86_64-debian-gcc | 1.1.1 | 20.68 | 60.54 | 81.22 | NOTE | |
r-devel-linux-x86_64-fedora-clang | 1.1.1 | 199.97 | NOTE | |||
r-devel-linux-x86_64-fedora-gcc | 1.1.1 | 192.14 | NOTE | |||
r-devel-windows-x86_64 | 1.1.1 | 35.00 | 121.00 | 156.00 | NOTE | |
r-patched-linux-x86_64 | 1.1.1 | 29.18 | 81.73 | 110.91 | NOTE | |
r-release-linux-x86_64 | 1.1.1 | 29.23 | 82.86 | 112.09 | NOTE | |
r-release-macos-arm64 | 1.1.1 | 53.00 | NOTE | |||
r-release-macos-x86_64 | 1.1.1 | 92.00 | NOTE | |||
r-release-windows-x86_64 | 1.1.1 | 36.00 | 115.00 | 151.00 | NOTE | |
r-oldrel-macos-arm64 | 1.1.1 | 57.00 | NOTE | |||
r-oldrel-macos-x86_64 | 1.1.1 | 103.00 | NOTE | |||
r-oldrel-windows-x86_64 | 1.1.1 | 41.00 | 153.00 | 194.00 | NOTE |
Version: 1.1.1
Check: package subdirectories
Result: NOTE
Problems with news in ‘NEWS.md’:
No news entries found.
Flavors: r-devel-linux-x86_64-debian-clang, r-devel-linux-x86_64-debian-gcc, r-devel-linux-x86_64-fedora-clang, r-devel-linux-x86_64-fedora-gcc, r-devel-windows-x86_64, r-patched-linux-x86_64, r-release-linux-x86_64, r-release-macos-arm64, r-release-macos-x86_64, r-release-windows-x86_64, r-oldrel-macos-arm64, r-oldrel-macos-x86_64, r-oldrel-windows-x86_64
Version: 1.1.1
Check: LazyData
Result: NOTE
'LazyData' is specified without a 'data' directory
Flavors: r-patched-linux-x86_64, r-release-linux-x86_64, r-release-macos-arm64, r-release-macos-x86_64, r-release-windows-x86_64, r-oldrel-macos-arm64, r-oldrel-macos-x86_64, r-oldrel-windows-x86_64