Last updated on 2025-10-21 01:48:51 CEST.
Flavor | Version | Tinstall | Tcheck | Ttotal | Status | Flags |
---|---|---|---|---|---|---|
r-devel-linux-x86_64-debian-clang | 1.0.0 | 1.89 | 32.12 | 34.01 | OK | |
r-devel-linux-x86_64-debian-gcc | 1.0.0 | 1.73 | 25.31 | 27.04 | NOTE | |
r-devel-linux-x86_64-fedora-clang | 1.0.0 | 51.22 | OK | |||
r-devel-linux-x86_64-fedora-gcc | 1.0.0 | 46.54 | OK | |||
r-devel-windows-x86_64 | 1.0.0 | 5.00 | 48.00 | 53.00 | OK | |
r-patched-linux-x86_64 | 1.0.0 | 2.55 | 29.52 | 32.07 | OK | |
r-release-linux-x86_64 | 1.0.0 | 2.28 | 29.08 | 31.36 | OK | |
r-release-macos-arm64 | 1.0.0 | 20.00 | OK | |||
r-release-macos-x86_64 | 1.0.0 | 33.00 | OK | |||
r-release-windows-x86_64 | 1.0.0 | 5.00 | 51.00 | 56.00 | OK | |
r-oldrel-macos-arm64 | 1.0.0 | 25.00 | NOTE | |||
r-oldrel-macos-x86_64 | 1.0.0 | 40.00 | NOTE | |||
r-oldrel-windows-x86_64 | 1.0.0 | 6.00 | 57.00 | 63.00 | NOTE |
Version: 1.0.0
Check: HTML version of manual
Result: NOTE
Found the following HTML validation problems:
select_map_year.html:49:1 (select_map_year.Rd:13): Warning: missing </ul> before </div>
Flavor: r-devel-linux-x86_64-debian-gcc
Version: 1.0.0
Check: installed package size
Result: NOTE
installed size is 9.9Mb
sub-directories of 1Mb or more:
extdata 9.8Mb
Flavors: r-oldrel-macos-arm64, r-oldrel-macos-x86_64, r-oldrel-windows-x86_64