Last updated on 2024-08-16 01:48:33 CEST.
Flavor | Version | Tinstall | Tcheck | Ttotal | Status | Flags |
---|---|---|---|---|---|---|
r-devel-linux-x86_64-debian-clang | 0.4 | 6.12 | 100.77 | 106.89 | NOTE | |
r-devel-linux-x86_64-debian-gcc | 0.4 | 5.96 | 86.46 | 92.42 | NOTE | |
r-devel-linux-x86_64-fedora-clang | 0.4 | 163.01 | NOTE | |||
r-devel-linux-x86_64-fedora-gcc | 0.4 | 162.46 | NOTE | |||
r-devel-windows-x86_64 | 0.4 | 9.00 | 114.00 | 123.00 | NOTE | |
r-patched-linux-x86_64 | 0.4 | 7.30 | 89.19 | 96.49 | NOTE | |
r-release-linux-x86_64 | 0.4 | 6.90 | 95.97 | 102.87 | NOTE | |
r-release-macos-arm64 | 0.4 | 45.00 | NOTE | |||
r-release-macos-x86_64 | 0.4 | 67.00 | NOTE | |||
r-release-windows-x86_64 | 0.4 | 9.00 | 117.00 | 126.00 | NOTE | |
r-oldrel-macos-arm64 | 0.4 | 54.00 | NOTE | |||
r-oldrel-macos-x86_64 | 0.4 | 76.00 | NOTE | |||
r-oldrel-windows-x86_64 | 0.4 | 12.00 | 137.00 | 149.00 | NOTE |
Version: 0.4
Check: LazyData
Result: NOTE
'LazyData' is specified without a 'data' directory
Flavors: r-devel-linux-x86_64-debian-clang, r-devel-linux-x86_64-debian-gcc, r-devel-linux-x86_64-fedora-clang, r-devel-linux-x86_64-fedora-gcc, r-devel-windows-x86_64, r-patched-linux-x86_64, r-release-linux-x86_64, r-release-macos-arm64, r-release-macos-x86_64, r-release-windows-x86_64, r-oldrel-macos-arm64, r-oldrel-macos-x86_64, r-oldrel-windows-x86_64