Last updated on 2024-07-27 01:53:27 CEST.
Flavor | Version | Tinstall | Tcheck | Ttotal | Status | Flags |
---|---|---|---|---|---|---|
r-devel-linux-x86_64-debian-clang | 1.0-5 | 20.96 | 149.89 | 170.85 | OK | |
r-devel-linux-x86_64-debian-gcc | 1.0-5 | 13.87 | 106.89 | 120.76 | NOTE | |
r-devel-linux-x86_64-fedora-clang | 1.0-5 | 226.35 | OK | |||
r-devel-linux-x86_64-fedora-gcc | 1.0-5 | 199.43 | OK | |||
r-devel-windows-x86_64 | 1.0-5 | 23.00 | 119.00 | 142.00 | NOTE | |
r-patched-linux-x86_64 | 1.0-5 | OK | ||||
r-release-linux-x86_64 | 1.0-5 | 24.24 | 141.85 | 166.09 | OK | |
r-release-macos-arm64 | 1.0-5 | 53.00 | OK | |||
r-release-macos-x86_64 | 1.0-5 | 86.00 | OK | |||
r-release-windows-x86_64 | 1.0-5 | 22.00 | 121.00 | 143.00 | OK | |
r-oldrel-macos-arm64 | 1.0-5 | 55.00 | OK | |||
r-oldrel-macos-x86_64 | 1.0-5 | 143.00 | OK | |||
r-oldrel-windows-x86_64 | 1.0-5 | 30.00 | 151.00 | 181.00 | OK |
Version: 1.0-5
Check: Rd cross-references
Result: NOTE
Found the following Rd file(s) with Rd \link{} targets missing package
anchors:
olmm-control.Rd: ucminf
tvcm-plot.Rd: plot.party
tvcm.Rd: party, partynode
Please provide package anchors for all Rd \link{} targets not in the
package itself and the base packages.
Flavors: r-devel-linux-x86_64-debian-gcc, r-devel-windows-x86_64