Last updated on 2025-02-11 01:49:21 CET.
Flavor | Version | Tinstall | Tcheck | Ttotal | Status | Flags |
---|---|---|---|---|---|---|
r-devel-linux-x86_64-debian-clang | 0.1.1 | 1.36 | 18.01 | 19.37 | NOTE | |
r-devel-linux-x86_64-debian-gcc | 0.1.1 | 1.37 | 14.93 | 16.30 | NOTE | |
r-devel-linux-x86_64-fedora-clang | 0.1.1 | 32.30 | NOTE | |||
r-devel-linux-x86_64-fedora-gcc | 0.1.1 | 29.85 | NOTE | |||
r-devel-windows-x86_64 | 0.1.1 | 3.00 | 40.00 | 43.00 | NOTE | |
r-patched-linux-x86_64 | 0.1.1 | 1.44 | 17.13 | 18.57 | NOTE | |
r-release-linux-x86_64 | 0.1.1 | 1.47 | 17.30 | 18.77 | NOTE | |
r-release-macos-arm64 | 0.1.1 | 14.00 | NOTE | |||
r-release-macos-x86_64 | 0.1.1 | 20.00 | NOTE | |||
r-release-windows-x86_64 | 0.1.1 | 3.00 | 41.00 | 44.00 | NOTE | |
r-oldrel-macos-arm64 | 0.1.1 | 15.00 | OK | |||
r-oldrel-macos-x86_64 | 0.1.1 | 20.00 | OK | |||
r-oldrel-windows-x86_64 | 0.1.1 | 4.00 | 44.00 | 48.00 | OK |
Version: 0.1.1
Check: Rd files
Result: NOTE
checkRd: (-1) vietnamcode.Rd:28: Lost braces in \itemize; meant \describe ?
checkRd: (-1) vietnamcode.Rd:29: Lost braces in \itemize; meant \describe ?
checkRd: (-1) vietnamcode_data.Rd:10: Lost braces in \itemize; meant \describe ?
checkRd: (-1) vietnamcode_data.Rd:11: Lost braces in \itemize; meant \describe ?
checkRd: (-1) vietnamcode_data.Rd:12: Lost braces in \itemize; meant \describe ?
checkRd: (-1) vietnamcode_data.Rd:13: Lost braces in \itemize; meant \describe ?
checkRd: (-1) vietnamcode_data.Rd:14: Lost braces in \itemize; meant \describe ?
checkRd: (-1) vietnamcode_data.Rd:15: Lost braces in \itemize; meant \describe ?
checkRd: (-1) vietnamcode_data.Rd:16: Lost braces in \itemize; meant \describe ?
Flavors: r-devel-linux-x86_64-debian-clang, r-devel-linux-x86_64-debian-gcc, r-devel-linux-x86_64-fedora-clang, r-devel-linux-x86_64-fedora-gcc, r-devel-windows-x86_64, r-patched-linux-x86_64, r-release-linux-x86_64, r-release-macos-arm64, r-release-macos-x86_64, r-release-windows-x86_64