Last updated on 2024-08-16 01:48:33 CEST.
Flavor | Version | Tinstall | Tcheck | Ttotal | Status | Flags |
---|---|---|---|---|---|---|
r-devel-linux-x86_64-debian-clang | 0.8.1 | 7.03 | 80.24 | 87.27 | OK | |
r-devel-linux-x86_64-debian-gcc | 0.8.1 | 5.27 | 58.79 | 64.06 | OK | |
r-devel-linux-x86_64-fedora-clang | 0.8.1 | 139.23 | NOTE | |||
r-devel-linux-x86_64-fedora-gcc | 0.8.1 | 149.27 | NOTE | |||
r-devel-windows-x86_64 | 0.8.1 | 8.00 | 87.00 | 95.00 | OK | |
r-patched-linux-x86_64 | 0.8.1 | 6.70 | 73.70 | 80.40 | OK | |
r-release-linux-x86_64 | 0.8.1 | 6.75 | 75.74 | 82.49 | OK | |
r-release-macos-arm64 | 0.8.1 | 42.00 | OK | |||
r-release-macos-x86_64 | 0.8.1 | 66.00 | OK | |||
r-release-windows-x86_64 | 0.8.1 | 9.00 | 86.00 | 95.00 | OK | |
r-oldrel-macos-arm64 | 0.8.1 | 47.00 | OK | |||
r-oldrel-macos-x86_64 | 0.8.1 | 75.00 | OK | |||
r-oldrel-windows-x86_64 | 0.8.1 | 9.00 | 99.00 | 108.00 | OK |
Version: 0.8.1
Check: dependencies in R code
Result: NOTE
Namespace in Imports field not imported from: ‘rpart’
All declared Imports should be used.
Flavors: r-devel-linux-x86_64-fedora-clang, r-devel-linux-x86_64-fedora-gcc