Last updated on 2025-07-16 01:50:46 CEST.
Flavor | Version | Tinstall | Tcheck | Ttotal | Status | Flags |
---|---|---|---|---|---|---|
r-devel-linux-x86_64-debian-clang | 1.0.1 | 3.01 | 98.68 | 101.69 | OK | |
r-devel-linux-x86_64-debian-gcc | 1.0.1 | 2.06 | 70.52 | 72.58 | OK | |
r-devel-linux-x86_64-fedora-clang | 1.0.1 | 147.97 | OK | |||
r-devel-linux-x86_64-fedora-gcc | 1.0.1 | 154.63 | OK | |||
r-devel-windows-x86_64 | 1.0.1 | 5.00 | 97.00 | 102.00 | OK | |
r-patched-linux-x86_64 | 1.0.1 | 2.99 | 92.71 | 95.70 | OK | |
r-release-linux-x86_64 | 1.0.1 | 2.43 | 92.62 | 95.05 | OK | |
r-release-macos-arm64 | 1.0.1 | 46.00 | OK | |||
r-release-macos-x86_64 | 1.0.1 | 90.00 | OK | |||
r-release-windows-x86_64 | 1.0.1 | 6.00 | 114.00 | 120.00 | OK | |
r-oldrel-macos-arm64 | 1.0.1 | 44.00 | NOTE | |||
r-oldrel-macos-x86_64 | 1.0.1 | 72.00 | NOTE | |||
r-oldrel-windows-x86_64 | 1.0.1 | 7.00 | 127.00 | 134.00 | NOTE |
Version: 1.0.1
Check: installed package size
Result: NOTE
installed size is 6.8Mb
sub-directories of 1Mb or more:
doc 5.4Mb
extdata 1.1Mb
Flavors: r-oldrel-macos-arm64, r-oldrel-macos-x86_64, r-oldrel-windows-x86_64