CRAN Package Check Results for Package votesmart

Last updated on 2025-11-16 01:49:34 CET.

Flavor Version Tinstall Tcheck Ttotal Status Flags
r-devel-linux-x86_64-debian-clang 0.1.2 4.82 46.65 51.47 OK
r-devel-linux-x86_64-debian-gcc 0.1.2 3.62 34.11 37.73 NOTE
r-devel-linux-x86_64-fedora-clang 0.1.2 10.00 67.22 77.22 OK
r-devel-linux-x86_64-fedora-gcc 0.1.2 11.00 75.71 86.71 OK
r-devel-windows-x86_64 0.1.2 8.00 61.00 69.00 OK
r-patched-linux-x86_64 0.1.2 3.14 41.78 44.92 OK
r-release-linux-x86_64 0.1.2 4.00 42.41 46.41 OK
r-release-macos-arm64 0.1.2 2.00 27.00 29.00 OK
r-release-macos-x86_64 0.1.2 4.00 58.00 62.00 OK
r-release-windows-x86_64 0.1.2 7.00 61.00 68.00 OK
r-oldrel-macos-arm64 0.1.2 2.00 29.00 31.00 OK
r-oldrel-macos-x86_64 0.1.2 4.00 44.00 48.00 OK
r-oldrel-windows-x86_64 0.1.2 9.00 72.00 81.00 OK

Check Details

Version: 0.1.2
Check: CRAN incoming feasibility
Result: NOTE Maintainer: ‘Amanda Dobbyn <amanda@deck.tools>’ The BugReports field in DESCRIPTION has https://github.com/decktools/votesmart/issues/ which should likely be https://github.com/decktools/votesmart/issues/issues instead. Flavor: r-devel-linux-x86_64-debian-gcc