Last updated on 2025-11-15 03:50:34 CET.
| Flavor | Version | Tinstall | Tcheck | Ttotal | Status | Flags |
|---|---|---|---|---|---|---|
| r-devel-linux-x86_64-debian-clang | 1.3.5 | 12.54 | 137.46 | 150.00 | NOTE | |
| r-devel-linux-x86_64-debian-gcc | 1.3.5 | 9.30 | 101.16 | 110.46 | NOTE | |
| r-devel-linux-x86_64-fedora-clang | 1.3.5 | 28.00 | 203.58 | 231.58 | NOTE | |
| r-devel-linux-x86_64-fedora-gcc | 1.3.5 | 29.00 | 188.86 | 217.86 | NOTE | |
| r-devel-windows-x86_64 | 1.3.5 | 18.00 | 138.00 | 156.00 | NOTE | |
| r-patched-linux-x86_64 | 1.3.5 | 14.09 | 132.95 | 147.04 | NOTE | |
| r-release-linux-x86_64 | 1.3.5 | 14.13 | 130.90 | 145.03 | NOTE | |
| r-release-macos-arm64 | 1.3.5 | 5.00 | 53.00 | 58.00 | NOTE | |
| r-release-macos-x86_64 | 1.3.5 | 12.00 | 97.00 | 109.00 | NOTE | |
| r-release-windows-x86_64 | 1.3.5 | 16.00 | 139.00 | 155.00 | NOTE | |
| r-oldrel-macos-arm64 | 1.3.5 | 6.00 | 54.00 | 60.00 | NOTE | |
| r-oldrel-macos-x86_64 | 1.3.5 | 12.00 | 85.00 | 97.00 | NOTE | |
| r-oldrel-windows-x86_64 | 1.3.5 | 21.00 | 179.00 | 200.00 | NOTE |
Version: 1.3.5
Check: package subdirectories
Result: NOTE
Problems with news in ‘NEWS.md’:
No news entries found.
Flavors: r-devel-linux-x86_64-debian-clang, r-devel-linux-x86_64-debian-gcc, r-devel-linux-x86_64-fedora-clang, r-devel-linux-x86_64-fedora-gcc, r-devel-windows-x86_64, r-patched-linux-x86_64, r-release-linux-x86_64, r-release-macos-arm64, r-release-macos-x86_64, r-release-windows-x86_64, r-oldrel-macos-arm64, r-oldrel-macos-x86_64, r-oldrel-windows-x86_64
Version: 1.3.5
Check: dependencies in R code
Result: NOTE
Namespace in Imports field not imported from: ‘methods’
All declared Imports should be used.
Flavors: r-devel-linux-x86_64-fedora-clang, r-devel-linux-x86_64-fedora-gcc
Version: 1.3.5
Check: LazyData
Result: NOTE
'LazyData' is specified without a 'data' directory
Flavors: r-oldrel-macos-arm64, r-oldrel-macos-x86_64, r-oldrel-windows-x86_64