Last updated on 2025-10-31 01:49:18 CET.
| Flavor | Version | Tinstall | Tcheck | Ttotal | Status | Flags | 
|---|---|---|---|---|---|---|
| r-devel-linux-x86_64-debian-clang | 0.8 | 2.50 | 27.61 | 30.11 | NOTE | |
| r-devel-linux-x86_64-debian-gcc | 0.8 | 1.77 | 22.10 | 23.87 | NOTE | |
| r-devel-linux-x86_64-fedora-clang | 0.8 | 46.07 | OK | |||
| r-devel-linux-x86_64-fedora-gcc | 0.8 | 57.69 | OK | |||
| r-devel-windows-x86_64 | 0.8 | 3.00 | 51.00 | 54.00 | OK | |
| r-patched-linux-x86_64 | 0.8 | 2.49 | 26.68 | 29.17 | OK | |
| r-release-linux-x86_64 | 0.8 | 2.39 | 26.26 | 28.65 | OK | |
| r-release-macos-arm64 | 0.8 | 1.00 | 32.00 | 33.00 | OK | |
| r-release-macos-x86_64 | 0.8 | 3.00 | 46.00 | 49.00 | OK | |
| r-release-windows-x86_64 | 0.8 | 4.00 | 52.00 | 56.00 | OK | |
| r-oldrel-macos-arm64 | 0.8 | 1.00 | 22.00 | 23.00 | OK | |
| r-oldrel-macos-x86_64 | 0.8 | 3.00 | 37.00 | 40.00 | OK | |
| r-oldrel-windows-x86_64 | 0.8 | 3.00 | 58.00 | 61.00 | OK | 
Version: 0.8
Check: CRAN incoming feasibility
Result: NOTE
  Maintainer: ‘Andreas Schulz <ades-s@web.de>’
  
  No Authors@R field in DESCRIPTION.
  Please add one, modifying
    Authors@R: c(person(given = "Andreas",
                        family = "Schulz",
                        role = "cre",
                        email = "ades-s@web.de"),
                 person(family = "PhD",
                        role = c("aut", "cre")))
  as necessary.
Flavors: r-devel-linux-x86_64-debian-clang, r-devel-linux-x86_64-debian-gcc