Last updated on 2024-08-16 01:48:33 CEST.
Flavor | Version | Tinstall | Tcheck | Ttotal | Status | Flags |
---|---|---|---|---|---|---|
r-devel-linux-x86_64-debian-clang | 0.2.8 | 2.19 | 30.39 | 32.58 | OK | |
r-devel-linux-x86_64-debian-gcc | 0.2.8 | 1.92 | 24.35 | 26.27 | OK | |
r-devel-linux-x86_64-fedora-clang | 0.2.8 | 52.06 | NOTE | |||
r-devel-linux-x86_64-fedora-gcc | 0.2.8 | 54.01 | NOTE | |||
r-devel-windows-x86_64 | 0.2.8 | 3.00 | 58.00 | 61.00 | OK | |
r-patched-linux-x86_64 | 0.2.8 | 2.23 | 31.32 | 33.55 | OK | |
r-release-linux-x86_64 | 0.2.8 | 2.19 | 31.23 | 33.42 | OK | |
r-release-macos-arm64 | 0.2.8 | 25.00 | OK | |||
r-release-macos-x86_64 | 0.2.8 | 39.00 | OK | |||
r-release-windows-x86_64 | 0.2.8 | 3.00 | 59.00 | 62.00 | OK | |
r-oldrel-macos-arm64 | 0.2.8 | 23.00 | OK | |||
r-oldrel-macos-x86_64 | 0.2.8 | 39.00 | OK | |||
r-oldrel-windows-x86_64 | 0.2.8 | 3.00 | 62.00 | 65.00 | OK |
Version: 0.2.8
Check: dependencies in R code
Result: NOTE
Namespace in Imports field not imported from: ‘MASS’
All declared Imports should be used.
Flavors: r-devel-linux-x86_64-fedora-clang, r-devel-linux-x86_64-fedora-gcc