Last updated on 2024-08-16 01:48:33 CEST.
Flavor | Version | Tinstall | Tcheck | Ttotal | Status | Flags |
---|---|---|---|---|---|---|
r-devel-linux-x86_64-debian-clang | 1.0.8 | 542.12 | 235.06 | 777.18 | NOTE | |
r-devel-linux-x86_64-debian-gcc | 1.0.8 | 488.21 | 204.47 | 692.68 | NOTE | |
r-devel-linux-x86_64-fedora-clang | 1.0.8 | 1201.59 | NOTE | |||
r-devel-linux-x86_64-fedora-gcc | 1.0.8 | 1773.57 | NOTE | |||
r-devel-windows-x86_64 | 1.0.8 | 507.00 | 284.00 | 791.00 | NOTE | |
r-patched-linux-x86_64 | 1.0.8 | 652.62 | 278.86 | 931.48 | OK | |
r-release-linux-x86_64 | 1.0.8 | 625.63 | 282.66 | 908.29 | OK | |
r-release-macos-arm64 | 1.0.8 | 290.00 | NOTE | |||
r-release-macos-x86_64 | 1.0.8 | 285.00 | NOTE | |||
r-release-windows-x86_64 | 1.0.8 | 508.00 | 285.00 | 793.00 | NOTE | |
r-oldrel-macos-arm64 | 1.0.8 | 532.00 | NOTE | |||
r-oldrel-macos-x86_64 | 1.0.8 | 761.00 | NOTE | |||
r-oldrel-windows-x86_64 | 1.0.8 | 689.00 | 339.00 | 1028.00 | NOTE |
Version: 1.0.8
Check: Rd cross-references
Result: NOTE
Found the following Rd file(s) with Rd \link{} targets missing package
anchors:
plot_coefs.Rd: ppc_ribbon
plot_fit.Rd: ppc_ribbon
plot_predict.Rd: geom_ribbon
pp_check.walker_fit.Rd: ppc_ribbon
print.walker_fit.Rd: print.stanfit
walker.Rd: sampling
walker_glm.Rd: sampling
walker_rw1.Rd: sampling
Please provide package anchors for all Rd \link{} targets not in the
package itself and the base packages.
Flavors: r-devel-linux-x86_64-debian-clang, r-devel-linux-x86_64-debian-gcc, r-devel-windows-x86_64
Version: 1.0.8
Check: installed package size
Result: NOTE
installed size is 7.4Mb
sub-directories of 1Mb or more:
libs 6.0Mb
Flavors: r-devel-linux-x86_64-fedora-clang, r-devel-windows-x86_64, r-release-macos-arm64, r-release-macos-x86_64, r-release-windows-x86_64, r-oldrel-macos-arm64, r-oldrel-macos-x86_64, r-oldrel-windows-x86_64
Version: 1.0.8
Check: for GNU extensions in Makefiles
Result: NOTE
GNU make is a SystemRequirements.
Flavors: r-devel-linux-x86_64-fedora-clang, r-devel-linux-x86_64-fedora-gcc, r-release-macos-arm64, r-release-macos-x86_64, r-oldrel-macos-arm64, r-oldrel-macos-x86_64