Last updated on 2025-05-18 02:49:53 CEST.
Flavor | Version | Tinstall | Tcheck | Ttotal | Status | Flags |
---|---|---|---|---|---|---|
r-devel-linux-x86_64-debian-clang | 0.1.3 | 2.02 | 21.76 | 23.78 | NOTE | |
r-devel-linux-x86_64-debian-gcc | 0.1.3 | 1.35 | 16.96 | 18.31 | NOTE | |
r-devel-linux-x86_64-fedora-clang | 0.1.3 | 37.96 | OK | |||
r-devel-linux-x86_64-fedora-gcc | 0.1.3 | 34.89 | OK | |||
r-devel-windows-x86_64 | 0.1.3 | 3.00 | 49.00 | 52.00 | OK | |
r-patched-linux-x86_64 | 0.1.3 | 1.75 | 20.91 | 22.66 | OK | |
r-release-linux-x86_64 | 0.1.3 | 1.88 | 20.59 | 22.47 | OK | |
r-release-macos-arm64 | 0.1.3 | 17.00 | OK | |||
r-release-macos-x86_64 | 0.1.3 | 29.00 | OK | |||
r-release-windows-x86_64 | 0.1.3 | 3.00 | 50.00 | 53.00 | OK | |
r-oldrel-macos-arm64 | 0.1.3 | 16.00 | OK | |||
r-oldrel-macos-x86_64 | 0.1.3 | 29.00 | OK | |||
r-oldrel-windows-x86_64 | 0.1.3 | 3.00 | 49.00 | 52.00 | OK |
Version: 0.1.3
Check: CRAN incoming feasibility
Result: NOTE
Maintainer: ‘Andrea Venturini <andrea.venturini@bancaditalia.it>’
No Authors@R field in DESCRIPTION.
Please add one, modifying
Authors@R: person(given = "Andrea",
family = "Venturini",
role = c("aut", "cre"),
email = "andrea.venturini@bancaditalia.it")
as necessary.
Flavors: r-devel-linux-x86_64-debian-clang, r-devel-linux-x86_64-debian-gcc