Last updated on 2024-08-16 01:48:33 CEST.
Flavor | Version | Tinstall | Tcheck | Ttotal | Status | Flags |
---|---|---|---|---|---|---|
r-devel-linux-x86_64-debian-clang | 0.1.2 | 1.67 | 24.97 | 26.64 | OK | |
r-devel-linux-x86_64-debian-gcc | 0.1.2 | 1.30 | 19.56 | 20.86 | OK | |
r-devel-linux-x86_64-fedora-clang | 0.1.2 | 43.89 | NOTE | |||
r-devel-linux-x86_64-fedora-gcc | 0.1.2 | 55.90 | NOTE | |||
r-devel-windows-x86_64 | 0.1.2 | 3.00 | 45.00 | 48.00 | OK | |
r-patched-linux-x86_64 | 0.1.2 | 1.65 | 23.80 | 25.45 | OK | |
r-release-linux-x86_64 | 0.1.2 | 1.47 | 24.11 | 25.58 | OK | |
r-release-macos-arm64 | 0.1.2 | 25.00 | OK | |||
r-release-macos-x86_64 | 0.1.2 | 36.00 | OK | |||
r-release-windows-x86_64 | 0.1.2 | 3.00 | 45.00 | 48.00 | OK | |
r-oldrel-macos-arm64 | 0.1.2 | 22.00 | OK | |||
r-oldrel-macos-x86_64 | 0.1.2 | 34.00 | OK | |||
r-oldrel-windows-x86_64 | 0.1.2 | 3.00 | 45.00 | 48.00 | OK |
Version: 0.1.2
Check: data for non-ASCII characters
Result: NOTE
Note: found 1 marked UTF-8 string
Flavors: r-devel-linux-x86_64-fedora-clang, r-devel-linux-x86_64-fedora-gcc