CRAN Package Check Results for Package wmwpow

Last updated on 2025-02-10 01:48:37 CET.

Flavor Version Tinstall Tcheck Ttotal Status Flags
r-devel-linux-x86_64-debian-clang 0.1.3 2.50 28.46 30.96 OK
r-devel-linux-x86_64-debian-gcc 0.1.3 2.02 21.34 23.36 OK
r-devel-linux-x86_64-fedora-clang 0.1.3 50.29 NOTE
r-devel-linux-x86_64-fedora-gcc 0.1.3 47.30 NOTE
r-devel-windows-x86_64 0.1.3 3.00 48.00 51.00 OK
r-patched-linux-x86_64 0.1.3 2.49 26.70 29.19 NOTE
r-release-linux-x86_64 0.1.3 2.39 27.31 29.70 NOTE
r-release-macos-arm64 0.1.3 18.00 NOTE
r-release-macos-x86_64 0.1.3 27.00 NOTE
r-release-windows-x86_64 0.1.3 4.00 51.00 55.00 NOTE
r-oldrel-macos-arm64 0.1.3 17.00 NOTE
r-oldrel-macos-x86_64 0.1.3 30.00 NOTE
r-oldrel-windows-x86_64 0.1.3 4.00 53.00 57.00 NOTE

Check Details

Version: 0.1.3
Check: dependencies in R code
Result: NOTE Namespace in Imports field not imported from: ‘MASS’ All declared Imports should be used. Flavors: r-devel-linux-x86_64-fedora-clang, r-devel-linux-x86_64-fedora-gcc

Version: 0.1.3
Check: LazyData
Result: NOTE 'LazyData' is specified without a 'data' directory Flavors: r-patched-linux-x86_64, r-release-linux-x86_64, r-release-macos-arm64, r-release-macos-x86_64, r-release-windows-x86_64, r-oldrel-macos-arm64, r-oldrel-macos-x86_64, r-oldrel-windows-x86_64