Last updated on 2024-05-27 02:48:21 CEST.
Flavor | Version | Tinstall | Tcheck | Ttotal | Status | Flags |
---|---|---|---|---|---|---|
r-devel-linux-x86_64-debian-clang | 2.2-1 | 6.50 | 38.34 | 44.84 | NOTE | |
r-devel-linux-x86_64-debian-gcc | 2.2-1 | 2.31 | 30.10 | 32.41 | NOTE | |
r-devel-linux-x86_64-fedora-clang | 2.2-1 | 50.63 | NOTE | |||
r-devel-linux-x86_64-fedora-gcc | 2.2-1 | 49.77 | NOTE | |||
r-devel-windows-x86_64 | 2.2-1 | 5.00 | 60.00 | 65.00 | NOTE | |
r-patched-linux-x86_64 | 2.2-1 | 6.95 | 37.25 | 44.20 | NOTE | |
r-release-linux-x86_64 | 2.2-1 | 6.56 | 37.36 | 43.92 | NOTE | |
r-release-macos-arm64 | 2.2-1 | 24.00 | NOTE | |||
r-release-windows-x86_64 | 2.2-1 | 5.00 | 58.00 | 63.00 | NOTE | |
r-oldrel-macos-arm64 | 2.2-1 | 28.00 | NOTE | |||
r-oldrel-macos-x86_64 | 2.2-1 | 34.00 | NOTE | |||
r-oldrel-windows-x86_64 | 2.2-1 | 5.00 | 60.00 | 65.00 | NOTE |
Version: 2.2-1
Check: DESCRIPTION meta-information
Result: NOTE
Malformed Description field: should contain one or more complete sentences.
Flavors: r-devel-linux-x86_64-debian-clang, r-devel-linux-x86_64-debian-gcc, r-devel-linux-x86_64-fedora-clang, r-devel-linux-x86_64-fedora-gcc, r-devel-windows-x86_64, r-patched-linux-x86_64, r-release-linux-x86_64, r-release-macos-arm64, r-release-windows-x86_64, r-oldrel-macos-arm64, r-oldrel-macos-x86_64, r-oldrel-windows-x86_64
Version: 2.2-1
Check: installed package size
Result: NOTE
installed size is 12.8Mb
sub-directories of 1Mb or more:
data 12.7Mb
Flavors: r-devel-linux-x86_64-fedora-clang, r-devel-windows-x86_64, r-release-macos-arm64, r-release-windows-x86_64, r-oldrel-macos-arm64, r-oldrel-macos-x86_64, r-oldrel-windows-x86_64