Last updated on 2024-08-16 01:48:33 CEST.
Flavor | Version | Tinstall | Tcheck | Ttotal | Status | Flags |
---|---|---|---|---|---|---|
r-devel-linux-x86_64-debian-clang | 0.9.5 | 14.68 | 148.33 | 163.01 | NOTE | |
r-devel-linux-x86_64-debian-gcc | 0.9.5 | 9.75 | 98.36 | 108.11 | NOTE | |
r-devel-linux-x86_64-fedora-clang | 0.9.5 | 260.14 | OK | |||
r-devel-linux-x86_64-fedora-gcc | 0.9.5 | 267.28 | OK | |||
r-devel-windows-x86_64 | 0.9.5 | 15.00 | 158.00 | 173.00 | NOTE | |
r-patched-linux-x86_64 | 0.9.5 | 21.07 | 137.58 | 158.65 | OK | |
r-release-linux-x86_64 | 0.9.5 | 11.46 | 138.96 | 150.42 | OK | |
r-release-macos-arm64 | 0.9.5 | 76.00 | OK | |||
r-release-macos-x86_64 | 0.9.5 | 112.00 | OK | |||
r-release-windows-x86_64 | 0.9.5 | 16.00 | 159.00 | 175.00 | OK | |
r-oldrel-macos-arm64 | 0.9.5 | 82.00 | OK | |||
r-oldrel-macos-x86_64 | 0.9.5 | 166.00 | OK | |||
r-oldrel-windows-x86_64 | 0.9.5 | 21.00 | 195.00 | 216.00 | OK |
Version: 0.9.5
Check: Rd cross-references
Result: NOTE
Found the following Rd file(s) with Rd \link{} targets missing package
anchors:
pairwise_ordcat_test.Rd: cmh_test, lbl_test
pairwise_wilcox_test.Rd: wilcox_test
print_kable.Rd: kable
Please provide package anchors for all Rd \link{} targets not in the
package itself and the base packages.
Flavors: r-devel-linux-x86_64-debian-clang, r-devel-linux-x86_64-debian-gcc, r-devel-windows-x86_64