Last updated on 2025-10-22 01:51:45 CEST.
Flavor | Version | Tinstall | Tcheck | Ttotal | Status | Flags |
---|---|---|---|---|---|---|
r-devel-linux-x86_64-debian-clang | 2.0.0 | 8.44 | 196.39 | 204.83 | NOTE | |
r-devel-linux-x86_64-debian-gcc | 2.0.0 | 7.12 | 124.17 | 131.29 | NOTE | |
r-devel-linux-x86_64-fedora-clang | 2.0.0 | 47.00 | 278.67 | 325.67 | OK | |
r-devel-linux-x86_64-fedora-gcc | 2.0.0 | 19.00 | 306.53 | 325.53 | OK | |
r-devel-windows-x86_64 | 2.0.0 | 11.00 | 204.00 | 215.00 | NOTE | |
r-patched-linux-x86_64 | 2.0.0 | 10.25 | 197.58 | 207.83 | NOTE | |
r-release-linux-x86_64 | 2.0.0 | 8.85 | 201.34 | 210.19 | NOTE | |
r-release-macos-arm64 | 2.0.0 | 5.00 | 110.00 | 115.00 | OK | |
r-release-macos-x86_64 | 2.0.0 | 10.00 | 247.00 | 257.00 | OK | |
r-release-windows-x86_64 | 2.0.0 | 12.00 | 207.00 | 219.00 | NOTE | |
r-oldrel-macos-arm64 | 2.0.0 | 5.00 | 98.00 | 103.00 | OK | |
r-oldrel-macos-x86_64 | 2.0.0 | 7.00 | 157.00 | 164.00 | OK | |
r-oldrel-windows-x86_64 | 2.0.0 | 17.00 | 272.00 | 289.00 | OK |
Version: 2.0.0
Check: Rd cross-references
Result: NOTE
Found the following Rd file(s) with Rd \link{} targets missing package
anchors:
estimateVariance.Rd: selectiveInference
xtune.Rd: glmnet
Please provide package anchors for all Rd \link{} targets not in the
package itself and the base packages.
Flavors: r-devel-linux-x86_64-debian-clang, r-devel-linux-x86_64-debian-gcc, r-devel-windows-x86_64, r-patched-linux-x86_64, r-release-linux-x86_64, r-release-windows-x86_64