Last updated on 2025-05-13 02:51:10 CEST.
Flavor | Version | Tinstall | Tcheck | Ttotal | Status | Flags |
---|---|---|---|---|---|---|
r-devel-linux-x86_64-debian-clang | 2.0.0 | 5.09 | 48.19 | 53.28 | NOTE | |
r-devel-linux-x86_64-debian-gcc | 2.0.0 | 2.86 | 36.14 | 39.00 | NOTE | |
r-devel-linux-x86_64-fedora-clang | 2.0.0 | 84.56 | NOTE | |||
r-devel-linux-x86_64-fedora-gcc | 2.0.0 | 93.79 | NOTE | |||
r-devel-windows-x86_64 | 2.0.0 | 5.00 | 70.00 | 75.00 | NOTE | |
r-patched-linux-x86_64 | 2.0.0 | 4.50 | 45.95 | 50.45 | NOTE | |
r-release-linux-x86_64 | 2.0.0 | 3.93 | 45.59 | 49.52 | NOTE | |
r-release-macos-arm64 | 2.0.0 | 43.00 | NOTE | |||
r-release-macos-x86_64 | 2.0.0 | 118.00 | NOTE | |||
r-release-windows-x86_64 | 2.0.0 | 7.00 | 71.00 | 78.00 | NOTE | |
r-oldrel-macos-arm64 | 2.0.0 | 49.00 | OK | |||
r-oldrel-macos-x86_64 | 2.0.0 | 66.00 | OK | |||
r-oldrel-windows-x86_64 | 2.0.0 | 7.00 | 84.00 | 91.00 | OK |
Version: 2.0.0
Check: DESCRIPTION meta-information
Result: NOTE
Missing dependency on R >= 4.1.0 because package code uses the pipe
|> or function shorthand \(...) syntax added in R 4.1.0.
File(s) using such syntax:
‘zcta.R’
Flavors: r-devel-linux-x86_64-debian-clang, r-devel-linux-x86_64-debian-gcc, r-devel-linux-x86_64-fedora-clang, r-devel-linux-x86_64-fedora-gcc, r-devel-windows-x86_64, r-patched-linux-x86_64, r-release-linux-x86_64, r-release-macos-arm64, r-release-macos-x86_64, r-release-windows-x86_64