Last updated on 2025-10-01 02:54:36 CEST.
Flavor | Version | Tinstall | Tcheck | Ttotal | Status | Flags |
---|---|---|---|---|---|---|
r-devel-linux-x86_64-debian-clang | 2.0.0 | 4.41 | 50.15 | 54.56 | NOTE | |
r-devel-linux-x86_64-debian-gcc | 2.0.0 | 3.27 | 38.01 | 41.28 | NOTE | |
r-devel-linux-x86_64-fedora-clang | 2.0.0 | 83.52 | NOTE | |||
r-devel-linux-x86_64-fedora-gcc | 2.0.0 | 94.01 | NOTE | |||
r-devel-windows-x86_64 | 2.0.0 | 8.00 | 71.00 | 79.00 | NOTE | |
r-patched-linux-x86_64 | 2.0.0 | 4.72 | 47.00 | 51.72 | NOTE | |
r-release-linux-x86_64 | 2.0.0 | 3.89 | 47.29 | 51.18 | NOTE | |
r-release-macos-arm64 | 2.0.0 | 43.00 | NOTE | |||
r-release-macos-x86_64 | 2.0.0 | 118.00 | NOTE | |||
r-release-windows-x86_64 | 2.0.0 | 6.00 | 71.00 | 77.00 | NOTE | |
r-oldrel-macos-arm64 | 2.0.0 | 49.00 | OK | |||
r-oldrel-macos-x86_64 | 2.0.0 | 66.00 | OK | |||
r-oldrel-windows-x86_64 | 2.0.0 | 8.00 | 86.00 | 94.00 | OK |
Version: 2.0.0
Check: DESCRIPTION meta-information
Result: NOTE
Missing dependency on R >= 4.1.0 because package code uses the pipe
|> or function shorthand \(...) syntax added in R 4.1.0.
File(s) using such syntax:
‘zcta.R’
Flavors: r-devel-linux-x86_64-debian-clang, r-devel-linux-x86_64-debian-gcc, r-devel-linux-x86_64-fedora-clang, r-devel-linux-x86_64-fedora-gcc, r-devel-windows-x86_64, r-patched-linux-x86_64, r-release-linux-x86_64, r-release-macos-arm64, r-release-macos-x86_64, r-release-windows-x86_64