CRAN Package Check Results for Package zenstats

Last updated on 2025-11-02 02:51:00 CET.

Flavor Version Tinstall Tcheck Ttotal Status Flags
r-devel-linux-x86_64-debian-clang 0.1.2 1.76 21.54 23.30 NOTE
r-devel-linux-x86_64-debian-gcc 0.1.2 1.43 18.19 19.62 NOTE
r-devel-linux-x86_64-fedora-clang 0.1.2 35.40 NOTE
r-devel-linux-x86_64-fedora-gcc 0.1.2 31.37 NOTE
r-devel-windows-x86_64 0.1.2 3.00 39.00 42.00 NOTE
r-patched-linux-x86_64 0.1.2 1.43 19.49 20.92 NOTE
r-release-linux-x86_64 0.1.2 1.80 19.53 21.33 NOTE
r-release-macos-arm64 0.1.2 1.00 15.00 16.00 NOTE
r-release-macos-x86_64 0.1.2 2.00 24.00 26.00 NOTE
r-release-windows-x86_64 0.1.2 4.00 39.00 43.00 NOTE
r-oldrel-macos-arm64 0.1.2 1.00 16.00 17.00 OK
r-oldrel-macos-x86_64 0.1.2 2.00 25.00 27.00 OK
r-oldrel-windows-x86_64 0.1.2 6.00 46.00 52.00 OK

Check Details

Version: 0.1.2
Check: DESCRIPTION meta-information
Result: NOTE Missing dependency on R >= 4.1.0 because package code uses the pipe |> or function shorthand \(...) syntax added in R 4.1.0. File(s) using such syntax: ‘deposit_stats.R’ ‘scrap_stats.R’ Flavors: r-devel-linux-x86_64-debian-clang, r-devel-linux-x86_64-debian-gcc, r-devel-linux-x86_64-fedora-clang, r-devel-linux-x86_64-fedora-gcc, r-devel-windows-x86_64, r-patched-linux-x86_64, r-release-linux-x86_64, r-release-macos-arm64, r-release-macos-x86_64, r-release-windows-x86_64