Last updated on 2025-10-22 01:51:45 CEST.
Flavor | Version | Tinstall | Tcheck | Ttotal | Status | Flags |
---|---|---|---|---|---|---|
r-devel-linux-x86_64-debian-clang | 5.5.2 | 16.97 | 99.77 | 116.74 | NOTE | |
r-devel-linux-x86_64-debian-gcc | 5.5.2 | 12.12 | 63.59 | 75.71 | NOTE | |
r-devel-linux-x86_64-fedora-clang | 5.5.2 | 91.00 | 117.87 | 208.87 | NOTE | |
r-devel-linux-x86_64-fedora-gcc | 5.5.2 | 35.00 | 129.04 | 164.04 | NOTE | |
r-devel-windows-x86_64 | 5.5.2 | 20.00 | 108.00 | 128.00 | NOTE | |
r-patched-linux-x86_64 | 5.5.2 | 17.92 | 88.68 | 106.60 | NOTE | |
r-release-linux-x86_64 | 5.5.2 | 16.69 | 90.01 | 106.70 | NOTE | |
r-release-macos-arm64 | 5.5.2 | 7.00 | 41.00 | 48.00 | NOTE | |
r-release-macos-x86_64 | 5.5.2 | 14.00 | 96.00 | 110.00 | NOTE | |
r-release-windows-x86_64 | 5.5.2 | 20.00 | 112.00 | 132.00 | NOTE | |
r-oldrel-macos-arm64 | 5.5.2 | 7.00 | 40.00 | 47.00 | NOTE | |
r-oldrel-macos-x86_64 | 5.5.2 | 12.00 | 78.00 | 90.00 | NOTE | |
r-oldrel-windows-x86_64 | 5.5.2 | 26.00 | 141.00 | 167.00 | NOTE |
Version: 5.5.2
Check: Rd files
Result: NOTE
checkRd: (-1) ZIClass.Rd:87: Escaped LaTeX specials: \_
checkRd: (-1) ZITrain.Rd:72: Escaped LaTeX specials: \_
checkRd: (-1) ZITrain.Rd:74: Escaped LaTeX specials: \_
checkRd: (-1) zid.Rd:45: Escaped LaTeX specials: \_
checkRd: (-1) zim.Rd:63: Escaped LaTeX specials: \_
checkRd: (-1) zim.Rd:182: Lost braces
182 | dQuote{tab-delimited text file} when you have done and close the spreadsheet
| ^
Flavors: r-devel-linux-x86_64-debian-clang, r-devel-linux-x86_64-debian-gcc, r-devel-linux-x86_64-fedora-clang, r-devel-linux-x86_64-fedora-gcc, r-devel-windows-x86_64, r-patched-linux-x86_64, r-release-linux-x86_64, r-release-macos-arm64, r-release-macos-x86_64, r-release-windows-x86_64, r-oldrel-macos-arm64, r-oldrel-macos-x86_64, r-oldrel-windows-x86_64