Last updated on 2025-10-26 01:50:06 CEST.
| Flavor | Version | Tinstall | Tcheck | Ttotal | Status | Flags |
|---|---|---|---|---|---|---|
| r-devel-linux-x86_64-debian-clang | 2.0.6 | 2.20 | 21.29 | 23.49 | NOTE | |
| r-devel-linux-x86_64-debian-gcc | 2.0.6 | 1.71 | 17.55 | 19.26 | NOTE | |
| r-devel-linux-x86_64-fedora-clang | 2.0.6 | 15.00 | 21.08 | 36.08 | NOTE | |
| r-devel-linux-x86_64-fedora-gcc | 2.0.6 | 32.72 | NOTE | |||
| r-devel-windows-x86_64 | 2.0.6 | 3.00 | 41.00 | 44.00 | NOTE | |
| r-patched-linux-x86_64 | 2.0.6 | 2.19 | 20.26 | 22.45 | NOTE | |
| r-release-linux-x86_64 | 2.0.6 | 2.03 | 20.22 | 22.25 | NOTE | |
| r-release-macos-arm64 | 2.0.6 | 1.00 | 15.00 | 16.00 | NOTE | |
| r-release-macos-x86_64 | 2.0.6 | 2.00 | 24.00 | 26.00 | NOTE | |
| r-release-windows-x86_64 | 2.0.6 | 3.00 | 42.00 | 45.00 | NOTE | |
| r-oldrel-macos-arm64 | 2.0.6 | 1.00 | 14.00 | 15.00 | NOTE | |
| r-oldrel-macos-x86_64 | 2.0.6 | 2.00 | 19.00 | 21.00 | NOTE | |
| r-oldrel-windows-x86_64 | 2.0.6 | 5.00 | 43.00 | 48.00 | NOTE |
Version: 2.0.6
Check: Rd files
Result: NOTE
checkRd: (-1) in.zoom.Rd:34: Lost braces in \itemize; meant \describe ?
checkRd: (-1) in.zoom.Rd:35: Lost braces in \itemize; meant \describe ?
checkRd: (-1) in.zoom.Rd:36: Lost braces in \itemize; meant \describe ?
checkRd: (-1) in.zoom.Rd:37: Lost braces in \itemize; meant \describe ?
checkRd: (-1) in.zoom.Rd:38: Lost braces in \itemize; meant \describe ?
checkRd: (-1) in.zoom.Rd:39: Lost braces in \itemize; meant \describe ?
checkRd: (-1) zm.Rd:30: Lost braces in \itemize; meant \describe ?
checkRd: (-1) zm.Rd:31: Lost braces in \itemize; meant \describe ?
checkRd: (-1) zm.Rd:32: Lost braces in \itemize; meant \describe ?
checkRd: (-1) zm.Rd:12: Lost braces in \itemize; meant \describe ?
checkRd: (-1) zm.Rd:13: Lost braces in \itemize; meant \describe ?
Flavors: r-devel-linux-x86_64-debian-clang, r-devel-linux-x86_64-debian-gcc, r-devel-linux-x86_64-fedora-clang, r-devel-linux-x86_64-fedora-gcc, r-devel-windows-x86_64, r-patched-linux-x86_64, r-release-linux-x86_64, r-release-macos-arm64, r-release-macos-x86_64, r-release-windows-x86_64, r-oldrel-macos-arm64, r-oldrel-macos-x86_64, r-oldrel-windows-x86_64