Last updated on 2024-05-02 01:56:51 CEST.
Flavor | Version | Tinstall | Tcheck | Ttotal | Status | Flags |
---|---|---|---|---|---|---|
r-devel-linux-x86_64-debian-clang | 1.0.4.3 | 20.91 | 93.32 | 114.23 | OK | |
r-devel-linux-x86_64-debian-gcc | 1.0.4.3 | 15.71 | 68.78 | 84.49 | OK | |
r-devel-linux-x86_64-fedora-clang | 1.0.4.3 | 139.47 | NOTE | |||
r-devel-linux-x86_64-fedora-gcc | 1.0.4.3 | 146.71 | NOTE | |||
r-devel-windows-x86_64 | 1.0.4.3 | 22.00 | 96.00 | 118.00 | OK | |
r-patched-linux-x86_64 | 1.0.4.3 | 27.51 | 89.78 | 117.29 | OK | |
r-release-linux-x86_64 | 1.0.4.3 | 18.23 | 94.66 | 112.89 | OK | |
r-release-macos-arm64 | 1.0.4.3 | 48.00 | OK | |||
r-release-macos-x86_64 | 1.0.4.3 | 101.00 | OK | |||
r-release-windows-x86_64 | 1.0.4.3 | 23.00 | 114.00 | 137.00 | OK | |
r-oldrel-macos-arm64 | 1.0.4.3 | 49.00 | OK | |||
r-oldrel-macos-x86_64 | 1.0.4.3 | 97.00 | OK | |||
r-oldrel-windows-x86_64 | 1.0.4.3 | 28.00 | 113.00 | 141.00 | OK |
Version: 1.0.4.3
Check: compiled code
Result: NOTE
File ‘ACDm/libs/ACDm.so’:
Found no calls to: ‘R_registerRoutines’, ‘R_useDynamicSymbols’
It is good practice to register native routines and to disable symbol
search.
See ‘Writing portable packages’ in the ‘Writing R Extensions’ manual.
Flavors: r-devel-linux-x86_64-fedora-clang, r-devel-linux-x86_64-fedora-gcc