Last updated on 2025-10-31 01:48:50 CET.
| Flavor | Version | Tinstall | Tcheck | Ttotal | Status | Flags | 
|---|---|---|---|---|---|---|
| r-devel-linux-x86_64-debian-clang | 0.1.1 | 16.48 | 44.36 | 60.84 | NOTE | |
| r-devel-linux-x86_64-debian-gcc | 0.1.1 | 11.99 | 33.82 | 45.81 | NOTE | |
| r-devel-linux-x86_64-fedora-clang | 0.1.1 | 33.00 | 73.13 | 106.13 | OK | |
| r-devel-linux-x86_64-fedora-gcc | 0.1.1 | 41.00 | 55.36 | 96.36 | OK | |
| r-devel-windows-x86_64 | 0.1.1 | 22.00 | 87.00 | 109.00 | OK | |
| r-patched-linux-x86_64 | 0.1.1 | 16.50 | 41.96 | 58.46 | OK | |
| r-release-linux-x86_64 | 0.1.1 | 17.69 | 43.03 | 60.72 | OK | |
| r-release-macos-arm64 | 0.1.1 | 7.00 | 27.00 | 34.00 | OK | |
| r-release-macos-x86_64 | 0.1.1 | 14.00 | 97.00 | 111.00 | OK | |
| r-release-windows-x86_64 | 0.1.1 | 21.00 | 91.00 | 112.00 | OK | |
| r-oldrel-macos-arm64 | 0.1.1 | 7.00 | 29.00 | 36.00 | OK | |
| r-oldrel-macos-x86_64 | 0.1.1 | 15.00 | 71.00 | 86.00 | OK | |
| r-oldrel-windows-x86_64 | 0.1.1 | 20.00 | 110.00 | 130.00 | OK | 
Version: 0.1.1
Check: CRAN incoming feasibility
Result: NOTE
  Maintainer: ‘Daewoo Pak <heavyrain.pak@gmail.com>’
  
  No Authors@R field in DESCRIPTION.
  Please add one, modifying
    Authors@R: c(person(given = "Chenxi",
                        family = "Li",
                        role = "aut"),
                 person(given = "Daewoo",
                        family = "Pak",
                        role = c("aut", "cre"),
                        email = "heavyrain.pak@gmail.com"),
                 person(given = "David",
                        family = "Todem",
                        role = "aut"))
  as necessary.
Flavors: r-devel-linux-x86_64-debian-clang, r-devel-linux-x86_64-debian-gcc