Last updated on 2024-05-21 02:01:54 CEST.
Flavor | Version | Tinstall | Tcheck | Ttotal | Status | Flags |
---|---|---|---|---|---|---|
r-devel-linux-x86_64-debian-clang | 0.1 | 5.22 | 42.39 | 47.61 | NOTE | |
r-devel-linux-x86_64-debian-gcc | 0.1 | 3.43 | 33.26 | 36.69 | NOTE | |
r-devel-linux-x86_64-fedora-clang | 0.1 | 63.04 | NOTE | |||
r-devel-linux-x86_64-fedora-gcc | 0.1 | 56.50 | NOTE | |||
r-devel-windows-x86_64 | 0.1 | 6.00 | 58.00 | 64.00 | NOTE | |
r-patched-linux-x86_64 | 0.1 | 4.90 | 41.33 | 46.23 | NOTE | |
r-release-linux-x86_64 | 0.1 | 5.15 | 42.48 | 47.63 | NOTE | |
r-release-macos-arm64 | 0.1 | 24.00 | NOTE | |||
r-release-windows-x86_64 | 0.1 | 6.00 | 81.00 | 87.00 | NOTE | |
r-oldrel-macos-arm64 | 0.1 | 26.00 | NOTE | |||
r-oldrel-macos-x86_64 | 0.1 | 33.00 | NOTE | |||
r-oldrel-windows-x86_64 | 0.1 | 8.00 | 63.00 | 71.00 | NOTE |
Version: 0.1
Check: LazyData
Result: NOTE
'LazyData' is specified without a 'data' directory
Flavors: r-devel-linux-x86_64-debian-clang, r-devel-linux-x86_64-debian-gcc, r-devel-linux-x86_64-fedora-clang, r-devel-linux-x86_64-fedora-gcc, r-devel-windows-x86_64, r-patched-linux-x86_64, r-release-linux-x86_64, r-release-macos-arm64, r-release-windows-x86_64, r-oldrel-macos-arm64, r-oldrel-macos-x86_64, r-oldrel-windows-x86_64
Version: 0.1
Check: for non-standard things in the check directory
Result: NOTE
Found the following files/directories:
‘Example.jpeg’
Flavors: r-devel-linux-x86_64-debian-clang, r-devel-linux-x86_64-debian-gcc, r-devel-linux-x86_64-fedora-clang, r-devel-linux-x86_64-fedora-gcc, r-patched-linux-x86_64, r-release-linux-x86_64