Last updated on 2024-05-03 01:51:12 CEST.
Flavor | Version | Tinstall | Tcheck | Ttotal | Status | Flags |
---|---|---|---|---|---|---|
r-devel-linux-x86_64-debian-clang | 1.5.3 | 290.35 | 107.36 | 397.71 | OK | |
r-devel-linux-x86_64-debian-gcc | 1.5.3 | 255.90 | 76.38 | 332.28 | OK | |
r-devel-linux-x86_64-fedora-clang | 1.5.3 | 593.66 | OK | |||
r-devel-linux-x86_64-fedora-gcc | 1.5.3 | 663.33 | OK | |||
r-devel-windows-x86_64 | 1.5.3 | 235.00 | 156.00 | 391.00 | OK | |
r-patched-linux-x86_64 | 1.5.3 | 316.91 | 101.66 | 418.57 | OK | |
r-release-linux-x86_64 | 1.5.3 | 302.51 | 98.84 | 401.35 | OK | |
r-release-macos-arm64 | 1.5.3 | 116.00 | NOTE | |||
r-release-windows-x86_64 | 1.5.3 | 231.00 | 149.00 | 380.00 | OK | |
r-oldrel-macos-arm64 | 1.5.3 | 127.00 | NOTE | |||
r-oldrel-macos-x86_64 | 1.5.3 | 184.00 | NOTE | |||
r-oldrel-windows-x86_64 | 1.5.3 | 283.00 | 171.00 | 454.00 | OK |
Version: 1.5.3
Check: installed package size
Result: NOTE
installed size is 19.1Mb
sub-directories of 1Mb or more:
libs 17.8Mb
Flavors: r-release-macos-arm64, r-oldrel-macos-arm64, r-oldrel-macos-x86_64