Last updated on 2025-07-24 02:52:05 CEST.
Flavor | Version | Tinstall | Tcheck | Ttotal | Status | Flags |
---|---|---|---|---|---|---|
r-devel-linux-x86_64-debian-clang | 0.1.0 | 127.95 | 176.88 | 304.83 | OK | |
r-devel-linux-x86_64-debian-gcc | 0.1.0 | 112.81 | 131.53 | 244.34 | OK | |
r-devel-linux-x86_64-fedora-clang | 0.1.0 | 484.63 | NOTE | |||
r-devel-linux-x86_64-fedora-gcc | 0.1.0 | 549.46 | NOTE | |||
r-devel-windows-x86_64 | 0.1.0 | 161.00 | 180.00 | 341.00 | OK | |
r-patched-linux-x86_64 | 0.1.0 | 141.89 | 175.78 | 317.67 | OK | |
r-release-linux-x86_64 | 0.1.0 | 142.14 | 174.84 | 316.98 | OK | |
r-release-macos-arm64 | 0.1.0 | 113.00 | OK | |||
r-release-macos-x86_64 | 0.1.0 | 464.00 | OK | |||
r-release-windows-x86_64 | 0.1.0 | 160.00 | 178.00 | 338.00 | OK | |
r-oldrel-macos-arm64 | 0.1.0 | 74.00 | NOTE | |||
r-oldrel-macos-x86_64 | 0.1.0 | 150.00 | NOTE | |||
r-oldrel-windows-x86_64 | 0.1.0 | 171.00 | 233.00 | 404.00 | NOTE |
Version: 0.1.0
Check: dependencies in R code
Result: NOTE
Namespace in Imports field not imported from: ‘RcppParallel’
All declared Imports should be used.
Flavors: r-devel-linux-x86_64-fedora-clang, r-devel-linux-x86_64-fedora-gcc
Version: 0.1.0
Check: installed package size
Result: NOTE
installed size is 40.1Mb
sub-directories of 1Mb or more:
libs 39.8Mb
Flavors: r-oldrel-macos-arm64, r-oldrel-macos-x86_64
Version: 0.1.0
Check: for GNU extensions in Makefiles
Result: NOTE
GNU make is a SystemRequirements.
Flavors: r-oldrel-macos-arm64, r-oldrel-macos-x86_64, r-oldrel-windows-x86_64