CRAN Package Check Results for Package BAS

Last updated on 2025-11-15 03:50:03 CET.

Flavor Version Tinstall Tcheck Ttotal Status Flags
r-devel-linux-x86_64-debian-clang 1.7.5 14.06 146.16 160.22 NOTE
r-devel-linux-x86_64-debian-gcc 1.7.5 11.73 106.94 118.67 NOTE
r-devel-linux-x86_64-fedora-clang 1.7.5 31.00 225.02 256.02 NOTE
r-devel-linux-x86_64-fedora-gcc 1.7.5 54.00 203.65 257.65 NOTE
r-devel-windows-x86_64 1.7.5 39.00 219.00 258.00 NOTE
r-patched-linux-x86_64 1.7.5 16.04 133.05 149.09 NOTE
r-release-linux-x86_64 1.7.5 13.38 131.41 144.79 NOTE
r-release-macos-arm64 1.7.5 8.00 91.00 99.00 NOTE
r-release-macos-x86_64 1.7.5 9.00 142.00 151.00 NOTE
r-release-windows-x86_64 1.7.5 31.00 186.00 217.00 NOTE
r-oldrel-macos-arm64 1.7.5 8.00 83.00 91.00 OK
r-oldrel-macos-x86_64 1.7.5 18.00 198.00 216.00 OK
r-oldrel-windows-x86_64 1.7.5 37.00 217.00 254.00 OK

Check Details

Version: 1.7.5
Check: compiled code
Result: NOTE File ‘BAS/libs/BAS.so’: Found non-API call to R: ‘SETLENGTH’ Compiled code should not call non-API entry points in R. See ‘Writing portable packages’ in the ‘Writing R Extensions’ manual, and section ‘Moving into C API compliance’ for issues with the use of non-API entry points. Flavors: r-devel-linux-x86_64-debian-clang, r-devel-linux-x86_64-debian-gcc, r-devel-linux-x86_64-fedora-clang, r-devel-linux-x86_64-fedora-gcc, r-patched-linux-x86_64, r-release-linux-x86_64, r-release-macos-arm64, r-release-macos-x86_64

Version: 1.7.5
Check: compiled code
Result: NOTE File 'BAS/libs/x64/BAS.dll': Found non-API call to R: 'SETLENGTH' Compiled code should not call non-API entry points in R. See 'Writing portable packages' in the 'Writing R Extensions' manual, and section 'Moving into C API compliance' for issues with the use of non-API entry points. Flavors: r-devel-windows-x86_64, r-release-windows-x86_64