Last updated on 2024-05-03 01:51:13 CEST.
Flavor | Version | Tinstall | Tcheck | Ttotal | Status | Flags |
---|---|---|---|---|---|---|
r-devel-linux-x86_64-debian-clang | 2.5.5 | 132.57 | 342.51 | 475.08 | NOTE | |
r-devel-linux-x86_64-debian-gcc | 2.5.5 | 103.97 | 243.21 | 347.18 | NOTE | |
r-devel-linux-x86_64-fedora-clang | 2.5.5 | 625.16 | NOTE | |||
r-devel-linux-x86_64-fedora-gcc | 2.5.5 | 623.40 | NOTE | |||
r-devel-windows-x86_64 | 2.5.5 | 106.00 | 249.00 | 355.00 | NOTE | |
r-patched-linux-x86_64 | 2.5.5 | 127.79 | 330.35 | 458.14 | NOTE | |
r-release-linux-x86_64 | 2.5.5 | 132.70 | 325.77 | 458.47 | NOTE | |
r-release-macos-arm64 | 2.5.5 | 152.00 | NOTE | |||
r-release-windows-x86_64 | 2.5.5 | 105.00 | 254.00 | 359.00 | NOTE | |
r-oldrel-macos-arm64 | 2.5.5 | 159.00 | NOTE | |||
r-oldrel-macos-x86_64 | 2.5.5 | 246.00 | NOTE | |||
r-oldrel-windows-x86_64 | 2.5.5 | 130.00 | 314.00 | 444.00 | NOTE |
Version: 2.5.5
Check: for GNU extensions in Makefiles
Result: NOTE
GNU make is a SystemRequirements.
Flavors: r-devel-linux-x86_64-debian-clang, r-devel-linux-x86_64-debian-gcc, r-devel-linux-x86_64-fedora-clang, r-devel-linux-x86_64-fedora-gcc, r-devel-windows-x86_64, r-patched-linux-x86_64, r-release-linux-x86_64, r-release-macos-arm64, r-release-windows-x86_64, r-oldrel-macos-arm64, r-oldrel-macos-x86_64, r-oldrel-windows-x86_64
Version: 2.5.5
Check: data for non-ASCII characters
Result: NOTE
Note: found 582 marked UTF-8 strings
Flavors: r-devel-linux-x86_64-fedora-clang, r-devel-linux-x86_64-fedora-gcc
Version: 2.5.5
Check: installed package size
Result: NOTE
installed size is 5.5Mb
sub-directories of 1Mb or more:
doc 2.8Mb
libs 1.2Mb
Flavors: r-devel-windows-x86_64, r-release-macos-arm64, r-release-windows-x86_64, r-oldrel-macos-arm64, r-oldrel-macos-x86_64, r-oldrel-windows-x86_64