Last updated on 2024-05-21 02:01:56 CEST.
Flavor | Version | Tinstall | Tcheck | Ttotal | Status | Flags |
---|---|---|---|---|---|---|
r-devel-linux-x86_64-debian-clang | 2.2.3 | 95.34 | 166.52 | 261.86 | OK | |
r-devel-linux-x86_64-debian-gcc | 2.2.3 | 86.03 | 121.58 | 207.61 | OK | |
r-devel-linux-x86_64-fedora-clang | 2.2.3 | 301.42 | OK | |||
r-devel-linux-x86_64-fedora-gcc | 2.2.3 | 368.26 | OK | |||
r-devel-windows-x86_64 | 2.2.3 | 72.00 | 124.00 | 196.00 | OK | |
r-patched-linux-x86_64 | 2.2.3 | 100.89 | 158.92 | 259.81 | OK | |
r-release-linux-x86_64 | 2.2.3 | 99.10 | 165.81 | 264.91 | OK | |
r-release-macos-arm64 | 2.2.3 | 112.00 | NOTE | |||
r-release-windows-x86_64 | 2.2.3 | 72.00 | 122.00 | 194.00 | OK | |
r-oldrel-macos-arm64 | 2.2.3 | 81.00 | NOTE | |||
r-oldrel-macos-x86_64 | 2.2.3 | 160.00 | NOTE | |||
r-oldrel-windows-x86_64 | 2.2.3 | 91.00 | 144.00 | 235.00 | OK |
Version: 2.2.3
Check: installed package size
Result: NOTE
installed size is 5.2Mb
sub-directories of 1Mb or more:
libs 4.7Mb
Flavors: r-release-macos-arm64, r-oldrel-macos-arm64, r-oldrel-macos-x86_64